{"text_format":"1","workbook":"xlsx","n_sheets":6,"sheets":["MACROS MUST BE ENABLED","Instructions","Program Application","Lookup Tables kW","Lookup Tables kWh","Constants"],"not_rendered":{"charts":0,"images":6,"macros":1,"external_links":0,"defined_names":3,"comments":0,"pivot_tables":0},"unopened":[],"bounds":{"document_bytes":16777216,"sheet_cells":100000,"rows_first":2000,"rows_last":500,"rows_between":2000,"halvings":0,"cell_chars":16384,"cell_head_chars":4096},"cells_cut":0,"cells_raw":0,"read":"whole","date_system":"1900"}

{"sheet":"MACROS MUST BE ENABLED","index":0,"n_rows":22,"n_cols":2,"rows_kept":22,"cut":false,"hidden":false,"merged":[]}
["Macros must be enabled for this workbook to function!"]
[]
["Click on 'Enable Content' if you see this in the ribbon"]
[]
[]
[]
[]
["OR"]
[]
["To enable macros in Excel"]
["Directions:"]
["1)","Click the File tab."]
[]
["2)","Click Options."]
[]
["3)","Click Trust Center, and then click Trust Center Settings."]
[]
["4)","In the Trust Center, click Macro Settings."]
[]
["5)","Make the selections that you want. (Disable all macros with notifications OR Enable all macros)"]
[]
["6)","Click OK."]

{"sheet":"Instructions","index":1,"n_rows":7,"n_cols":3,"rows_kept":7,"cut":false,"hidden":true,"merged":[]}
["Instructions"]
["1)","For every different unit type in project, fill in each grey highlighted cell.  These are required to calculate savings."]
["2)","Savings and incentives will not appear until all required information is entered."]
["3)","\"Unit Types\" are groupings of similar AC units.  Example, the following project will have three different entries:"]
[null,null,"a) 20, 1.5 ton units with new 16 SEER units"]
[null,null,"b) 5, 2.0 ton untis with new 16 SEER units"]
[null,null,"c) 20, 1.5 ton untis with new 14.5 SEER units"]

{"sheet":"Program Application","index":2,"n_rows":28,"n_cols":10,"rows_kept":28,"cut":false,"hidden":true,"merged":[[0,0,0,9],[1,0,1,9],[2,1,2,6],[3,1,3,6],[4,1,4,5],[5,1,5,2],[2,8,2,9],[3,8,3,9],[20,0,20,1],[20,2,20,3],[20,4,20,5],[20,6,20,7],[20,8,20,9],[9,0,9,1],[9,2,9,3],[9,4,9,5],[9,6,9,7],[9,8,9,9]]}
["City Of Houston HVAC Retrofit Program"]
["A. Property Information"]
["Property Name:",null,null,null,null,null,null,"Year Built: "]
["Property Address(es): ",null,null,null,null,null,null,"Units: "]
["City: ",null,null,null,null,null,"Zip: "]
["Property Manager/Site Contact Name:"]
["Phone:",null,"Email:"]
[]
[]
["Unit Type 1",null,"Unit Type 2",null,"Unit Type 3",null,"Unit Type 4",null,"Unit Type 5"]
["Old Unit Functional?",null,"Old Unit Functional?",null,"Old Unit Functional?",null,"Old Unit Functional?",null,"Old Unit Functional?"]
["Install Type",{"$f":"IF(B11=\"Yes\",\"Early Retirement\",IF(B11=\"No\",\"Replace-on-Burnout\",\"\"))","v":""},"Install Type",{"$f":"IF(D11=\"Yes\",\"Early Retirement\",IF(D11=\"No\",\"Replace-on-Burnout\",\"\"))","v":""},"Install Type",{"$f":"IF(F11=\"Yes\",\"Early Retirement\",IF(F11=\"No\",\"Replace-on-Burnout\",\"\"))","v":""},"Install Type",{"$f":"IF(H11=\"Yes\",\"Early Retirement\",IF(H11=\"No\",\"Replace-on-Burnout\",\"\"))","v":""},"Install Type",{"$f":"IF(J11=\"Yes\",\"Early Retirement\",IF(J11=\"No\",\"Replace-on-Burnout\",\"\"))","v":""}]
["Size of Old and New Unit (tons)",null,"Size of Old and New Unit (tons)",null,"Size of Old and New Unit (tons)",null,"Size of Old and New Unit (tons)",null,"Size of Old and New Unit (tons)"]
["Age of Old Unit (Years)",null,"Age of Old Unit (Years)",null,"Age of Old Unit (Years)",null,"Age of Old Unit (Years)",null,"Age of Old Unit (Years)"]
["Existing Unit Type",null,"Existing Unit Type",null,"Existing Unit Type",null,"Existing Unit Type",null,"Existing Unit Type"]
["Number of Systems",null,"Number of Systems",null,"Number of Systems",null,"Number of Systems",null,"Number of Systems"]
["Size of New Unit",{"$f":"B13","v":0},"Size of New Unit",{"$f":"D13","v":0},"Size of New Unit",{"$f":"F13","v":0},"Size of New Unit",{"$f":"H13","v":0},"Size of New Unit",{"$f":"J13","v":0}]
["New Unit SEER Range",null,"New Unit SEER Range",null,"New Unit SEER Range",null,"New Unit SEER Range",null,"New Unit SEER Range"]
["New Unit HSPF Range",null,"New Unit HSPF Range",null,"New Unit HSPF Range",null,"New Unit HSPF Range",null,"New Unit HSPF Range"]
[]
["Estimated Savings",null,"Estimated Savings",null,"Estimated Savings",null,"Estimated Savings",null,"Estimated Savings"]
["kW",{"$f":"IFERROR(IF(OR(ISBLANK(B11),ISBLANK(B12),ISBLANK(B13),ISBLANK(B14),ISBLANK(B15),ISBLANK(B16),ISBLANK(B17),ISBLANK(B18),ISBLANK(B19)),\"\",CalculateSavings(B12,B13,B14,B15,B16,B17,B18,B19,0)),\"\")","v":""},"kW",{"$f":"IFERROR(IF(OR(ISBLANK(D11),ISBLANK(D12),ISBLANK(D13),ISBLANK(D14),ISBLANK(D15),ISBLANK(D16),ISBLANK(D17),ISBLANK(D18),ISBLANK(D19)),\"\",CalculateSavings(D12,D13,D14,D15,D16,D17,D18,D19,0)),\"\")","v":""},"kW",{"$f":"IFERROR(IF(OR(ISBLANK(F11),ISBLANK(F12),ISBLANK(F13),ISBLANK(F14),ISBLANK(F15),ISBLANK(F16),ISBLANK(F17),ISBLANK(F18),ISBLANK(F19)),\"\",CalculateSavings(F12,F13,F14,F15,F16,F17,F18,F19,0)),\"\")","v":""},"kW",{"$f":"IFERROR(IF(OR(ISBLANK(H11),ISBLANK(H12),ISBLANK(H13),ISBLANK(H14),ISBLANK(H15),ISBLANK(H16),ISBLANK(H17),ISBLANK(H18),ISBLANK(H19)),\"\",CalculateSavings(H12,H13,H14,H15,H16,H17,H18,H19,0)),\"\")","v":""},"kW",{"$f":"IFERROR(IF(OR(ISBLANK(J11),ISBLANK(J12),ISBLANK(J13),ISBLANK(J14),ISBLANK(J15),ISBLANK(J16),ISBLANK(J17),ISBLANK(J18),ISBLANK(J19)),\"\",CalculateSavings(J12,J13,J14,J15,J16,J17,J18,J19,0)),\"\")","v":""}]
["kWh",{"$f":"IFERROR(IF(OR(ISBLANK(B11),ISBLANK(B12),ISBLANK(B13),ISBLANK(B14),ISBLANK(B15),ISBLANK(B16),ISBLANK(B17),ISBLANK(B18),ISBLANK(B19)),\"\",CalculateSavings(B12,B13,B14,B15,B16,B17,B18,B19,1)),\"\")","v":""},"kWh",{"$f":"IFERROR(IF(OR(ISBLANK(D11),ISBLANK(D12),ISBLANK(D13),ISBLANK(D14),ISBLANK(D15),ISBLANK(D16),ISBLANK(D17),ISBLANK(D18),ISBLANK(D19)),\"\",CalculateSavings(D12,D13,D14,D15,D16,D17,D18,D19,1)),\"\")","v":""},"kWh",{"$f":"IFERROR(IF(OR(ISBLANK(F11),ISBLANK(F12),ISBLANK(F13),ISBLANK(F14),ISBLANK(F15),ISBLANK(F16),ISBLANK(F17),ISBLANK(F18),ISBLANK(F19)),\"\",CalculateSavings(F12,F13,F14,F15,F16,F17,F18,F19,1)),\"\")","v":""},"kWh",{"$f":"IFERROR(IF(OR(ISBLANK(H11),ISBLANK(H12),ISBLANK(H13),ISBLANK(H14),ISBLANK(H15),ISBLANK(H16),ISBLANK(H17),ISBLANK(H18),ISBLANK(H19)),\"\",CalculateSavings(H12,H13,H14,H15,H16,H17,H18,H19,1)),\"\")","v":""},"kWh",{"$f":"IFERROR(IF(OR(ISBLANK(J11),ISBLANK(J12),ISBLANK(J13),ISBLANK(J14),ISBLANK(J15),ISBLANK(J16),ISBLANK(J17),ISBLANK(J18),ISBLANK(J19)),\"\",CalculateSavings(J12,J13,J14,J15,J16,J17,J18,J19,1)),\"\")","v":""}]
[]
["Estimated Incentives",{"$f":"IFERROR(IF(OR(ISBLANK(B11),ISBLANK(B12),ISBLANK(B13),ISBLANK(B14),ISBLANK(B15),ISBLANK(B16),ISBLANK(B17),ISBLANK(B18),ISBLANK(B19)),\"\",(((Constants!Q2*(1+Constants!Q4)/(Constants!Q3-Constants!Q4)*(1-((1+Constants!Q4)/(1+Constants!Q3))^Constants!Q5)*B22+(Constants!Q1*(1+Constants!Q4)/(Constants!Q3-Constants!Q4)*(1-((1+Constants!Q4)/(1+Constants!Q3))^Constants!Q5)*B23)))/Constants!Q6)*(1-Constants!Q7)),\"\")","v":""},"Estimated Incentives",{"$f":"IF(OR(ISBLANK(D12),ISBLANK(D13),ISBLANK(D14),ISBLANK(D15),ISBLANK(D16),ISBLANK(D17),ISBLANK(D18),ISBLANK(D19)),\"\",(((Constants!Q2*(1+Constants!Q4)/(Constants!Q3-Constants!Q4)*(1-((1+Constants!Q4)/(1+Constants!Q3))^Constants!Q5)*D22+(Constants!Q1*(1+Constants!Q4)/(Constants!Q3-Constants!Q4)*(1-((1+Constants!Q4)/(1+Constants!Q3))^Constants!Q5)*D23)))/Constants!Q6)*(1-Constants!Q7))","v":""},"Estimated Incentives",{"$f":"IF(OR(ISBLANK(F12),ISBLANK(F13),ISBLANK(F14),ISBLANK(F15),ISBLANK(F16),ISBLANK(F17),ISBLANK(F18),ISBLANK(F19)),\"\",(((Constants!Q2*(1+Constants!Q4)/(Constants!Q3-Constants!Q4)*(1-((1+Constants!Q4)/(1+Constants!Q3))^Constants!Q5)*F22+(Constants!Q1*(1+Constants!Q4)/(Constants!Q3-Constants!Q4)*(1-((1+Constants!Q4)/(1+Constants!Q3))^Constants!Q5)*F23)))/Constants!Q6)*(1-Constants!Q7))","v":""},"Estimated Incentives",{"$f":"IF(OR(ISBLANK(H12),ISBLANK(H13),ISBLANK(H14),ISBLANK(H15),ISBLANK(H16),ISBLANK(H17),ISBLANK(H18),ISBLANK(H19)),\"\",(((Constants!Q2*(1+Constants!Q4)/(Constants!Q3-Constants!Q4)*(1-((1+Constants!Q4)/(1+Constants!Q3))^Constants!Q5)*H22+(Constants!Q1*(1+Constants!Q4)/(Constants!Q3-Constants!Q4)*(1-((1+Constants!Q4)/(1+Constants!Q3))^Constants!Q5)*H23)))/Constants!Q6)*(1-Constants!Q7))","v":""},"Estimated Incentives",{"$f":"IF(OR(ISBLANK(J12),ISBLANK(J13),ISBLANK(J14),ISBLANK(J15),ISBLANK(J16),ISBLANK(J17),ISBLANK(J18),ISBLANK(J19)),\"\",(((Constants!Q2*(1+Constants!Q4)/(Constants!Q3-Constants!Q4)*(1-((1+Constants!Q4)/(1+Constants!Q3))^Constants!Q5)*J22+(Constants!Q1*(1+Constants!Q4)/(Constants!Q3-Constants!Q4)*(1-((1+Constants!Q4)/(1+Constants!Q3))^Constants!Q5)*J23)))/Constants!Q6)*(1-Constants!Q7))","v":""}]
[]
[]
["Total Incentive",{"$f":"IFERROR(SUM(B25,D25,F25,H25,J25),0)","v":0}]

{"sheet":"Lookup Tables kW","index":3,"n_rows":61,"n_cols":79,"rows_kept":61,"cut":false,"hidden":true,"merged":[[0,0,0,7],[0,9,0,16],[1,70,2,70],[1,27,2,27],[1,28,1,33],[1,62,1,69],[51,62,51,69],[1,71,1,78],[11,62,11,69],[21,62,21,69],[31,62,31,69],[41,62,41,69],[11,71,11,78],[21,71,21,78],[31,71,31,78],[41,71,41,78],[51,71,51,78]]}
["Cooling ER kW Savings--10 SEER BASELINE",null,null,null,null,null,null,null,null,"Cooling ER kW Savings--12.44 SEER BASELINE",null,null,null,null,null,null,null,null,"Cooling ROB kW Savings--13.08 SEER",null,null,null,null,null,null,null,null,"Cooling NC kW Savings",null,null,null,null,null,null,null,"Heating ROB kW Savings--3.41 HSPF",null,null,null,null,null,null,null,null,"Heating ER kW Savings-7.7 HSPF Baseline",null,null,null,null,null,null,null,null,"Heating ER kW Savings-6.8 HSPF Baseline",null,null,null,null,null,null,null,null,"Heating HP ROB kW Savings",null,null,null,null,null,null,null,null,"Heating HP nc kW Savings"]
["14.5-14.9 SEER",null,null,null,null,null,null,null,null,"14.5-14.9 SEER",null,null,null,null,null,null,null,null,"14.5-14.9 SEER",null,null,null,null,null,null,null,null,"Size (tons)","SEER Range",null,null,null,null,null,null,"8.5 HSPF",null,null,null,null,null,null,null,null,"8.5 HSPF",null,null,null,null,null,null,null,null,"8.5 HSPF",null,null,null,null,null,null,null,null,"8.5 HSPF",null,null,null,null,null,null,null,null,"8.5 HSPF"]
["Size (tons) post","<22,800","22,800-28,499","28,500-34,199","34,200-39,899","39,900-45,599","45,600-56,999","57,000-64,499",null,"Size (tons) post","<22,800","22,800-28,499","28,500-34,199","34,200-39,899","39,900-45,599","45,600-56,999","57,000-64,499",null,"Size (tons) post","<22,800","22,800-28,499","28,500-34,199","34,200-39,899","39,900-45,599","45,600-56,999","57,000-64,499",null,null,"14.5-14.9","15.0-15.9","16.0-16.9","17.0-17.9","18.0-20.9","21.0+",null,"Size (tons) post","<22,800","22,800-28,499","28,500-34,199","34,200-39,899","39,900-45,599","45,600-56,999","57,000-64,499",null,"Size (tons) post","<22,800","22,800-28,499","28,500-34,199","34,200-39,899","39,900-45,599","45,600-56,999","57,000-64,499",null,"Size (tons) post","<22,800","22,800-28,499","28,500-34,199","34,200-39,899","39,900-45,599","45,600-56,999","57,000-64,499",null,"Size (Btuh) Post","<22,800","22,800-28,499","28,500-34,199","34,200-39,899","39,900-45,599","45,600-56,999","57,000-64,499",null,"Size (Btuh) Post","<22,800","22,800-28,499","28,500-34,199","34,200-39,899","39,900-45,599","45,600-56,999","57,000-64,499"]
["Size (tons) pre",null,null,null,null,null,null,null,null,"Size (tons) pre",null,null,null,null,null,null,null,null,"Size (tons) pre",null,null,null,null,null,null,null,null,"<22,800",0.06,0.12,0.22,0.15,0.23,0.35,null,"Size (tons) pre",null,null,null,null,null,null,null,null,"Size (tons) pre",null,null,null,null,null,null,null,null,"Size (tons) pre",null,null,null,null,null,null,null,null,"Size (Btuh) Pre",null,null,null,null,null,null,null,null,"Size (Btuh) Pre"]
["<22,800",0.69,0.19,-0.31,-0.81,-1.31,-1.81,-2.81,null,"<22,800",0.26,-0.24,-0.74,-1.24,-1.74,-2.2400000000000002,-3.24,null,"<22,800",0.17,-0.33,-0.83,-1.32,-1.82,-2.3199999999999998,-3.32,null,"22,800-28,499",0.08,0.16,0.3,0.21,0.31,0.46,null,"<22,800",2.16,1.83,1.5,1.17,0.84,0.51,-0.15,null,"<22,800",0.15,-0.18,-0.52,-0.85,-1.18,-1.51,-2.17,null,"<22,800",0.39,0.06,-0.27,-0.6,-0.93,-1.26,-1.92,null,"<22,800",0.04,-0.28999999999999998,-0.62,-0.95,-1.28,-1.61,-2.27,null,"<22,800",0.04,-0.28999999999999998,-0.62,-0.95,-1.28,-1.61,-2.27]
["22,800-28,499",1.41,0.91,0.42,-0.08,-0.57999999999999996,-1.08,-2.08,null,"22,800-28,499",0.84,0.34,-0.16,-0.65,-1.1499999999999999,-1.65,-2.65,null,"22,800-28,499",0.73,0.23,-0.27,-0.77,-1.27,-1.77,-2.76,null,"28,500-34,199",0.1,0.2,0.37,0.26,0.39,0.57999999999999996,null,"22,800-28,499",3.22,2.89,2.56,2.2200000000000002,1.89,1.56,0.9,null,"22,800-28,499",0.53,0.2,-0.14000000000000001,-0.47,-0.8,-1.1299999999999999,-1.79,null,"22,800-28,499",0.85,0.52,0.19,-0.14000000000000001,-0.47,-0.8,-1.46,null,"22,800-28,499",0.39,0.06,-0.27,-0.6,-0.93,-1.26,-1.93,null,"22,800-28,499",0.39,0.06,-0.27,-0.6,-0.93,-1.26,-1.93]
["28,500-34,199",2.14,1.64,1.1399999999999999,0.64,0.15,-0.35,-1.35,null,"28,500-34,199",1.43,0.93,0.43,-7.0000000000000007E-2,-0.56999999999999995,-1.07,-2.0699999999999998,null,"28,500-34,199",1.28,0.79,0.28999999999999998,-0.21,-0.71,-1.21,-2.21,null,"34,200-39,899",0.12,0.24,0.45,0.31,0.47,0.69,null,"28,500-34,199",4.2699999999999996,3.94,3.61,3.28,2.95,2.62,1.95,null,"28,500-34,199",0.91,0.56999999999999995,0.24,-0.09,-0.42,-0.75,-1.41,null,"28,500-34,199",1.31,0.98,0.65,0.32,-0.01,-0.34,-1,null,"28,500-34,199",0.74,0.4,7.0000000000000007E-2,-0.26,-0.59,-0.92,-1.58,null,"28,500-34,199",0.74,0.4,7.0000000000000007E-2,-0.26,-0.59,-0.92,-1.58]
["34,200-39,899",2.87,2.37,1.87,1.37,0.87,0.37,-0.62,null,"34,200-39,899",2.0099999999999998,1.51,1.01,0.52,0.02,-0.48,-1.48,null,"34,200-39,899",1.84,1.34,0.84,0.34,-0.15,-0.65,-1.65,null,"39,900-45,599",0.15,0.28000000000000003,0.52,0.36,0.55000000000000004,0.81,null,"34,200-39,899",5.32,4.99,4.66,4.33,4,3.67,3.01,null,"34,200-39,899",1.28,0.95,0.62,0.28999999999999998,-0.04,-0.37,-1.03,null,"34,200-39,899",1.77,1.44,1.1100000000000001,0.78,0.45,0.12,-0.54,null,"34,200-39,899",1.08,0.75,0.42,0.09,-0.24,-0.56999999999999995,-1.23,null,"34,200-39,899",1.08,0.75,0.42,0.09,-0.24,-0.56999999999999995,-1.23]
["39,900-45,599",3.6,3.1,2.6,2.1,1.6,1.1000000000000001,0.1,null,"39,900-45,599",2.6,2.1,1.6,1.1000000000000001,0.6,0.1,-0.9,null,"39,900-45,599",2.4,1.9,1.4,0.9,0.4,-0.1,-1.1000000000000001,null,"45,600-56,999",0.17,0.32,0.59,0.41,0.62,0.92,null,"39,900-45,599",6.37,6.04,5.71,5.38,5.05,4.72,4.0599999999999996,null,"39,900-45,599",1.66,1.33,1,0.67,0.34,0.01,-0.65,null,"39,900-45,599",2.2400000000000002,1.91,1.57,1.24,0.91,0.57999999999999996,-0.08,null,"39,900-45,599",1.43,1.1000000000000001,0.77,0.43,0.1,-0.23,-0.89,null,"39,900-45,599",1.43,1.1000000000000001,0.77,0.43,0.1,-0.23,-0.89]
["45,600-56,999",4.32,3.83,3.33,2.83,2.33,1.83,0.83,null,"45,600-56,999",3.18,2.68,2.1800000000000002,1.69,1.19,0.69,-0.31,null,"45,600-56,999",2.95,2.4500000000000002,1.96,1.46,0.96,0.46,-0.54,null,"57,000-64,499",0.21,0.4,0.74,0.51,0.78,1.1599999999999999,null,"45,600-56,999",7.43,7.09,6.76,6.43,6.1,5.77,5.1100000000000003,null,"45,600-56,999",2.04,1.71,1.38,1.05,0.72,0.39,-0.27,null,"45,600-56,999",2.7,2.37,2.04,1.7,1.37,1.04,0.38,null,"45,600-56,999",1.77,1.44,1.1100000000000001,0.78,0.45,0.12,-0.54,null,"45,600-56,999",1.77,1.44,1.1100000000000001,0.78,0.45,0.12,-0.54]
["57,000-64,499",5.78,5.28,4.78,4.28,3.78,3.29,2.29,null,"57,000-64,499",4.3499999999999996,3.85,3.35,2.86,2.36,1.86,0.86,null,"57,000-64,499",4.07,3.57,3.07,2.57,2.0699999999999998,1.57,0.56999999999999995,null,null,null,null,null,null,null,null,null,"57,000-64,499",9.5299999999999994,9.1999999999999993,8.8699999999999992,8.5399999999999991,8.2100000000000009,7.88,7.21,null,"57,000-64,499",2.8,2.4700000000000002,2.14,1.81,1.48,1.1499999999999999,0.49,null,"57,000-64,499",3.62,3.29,2.96,2.63,2.2999999999999998,1.97,1.3,null,"57,000-64,499",2.46,2.13,1.8,1.47,1.1399999999999999,0.81,0.15,null,"57,000-64,499",2.46,2.13,1.8,1.47,1.1399999999999999,0.81,0.15]
["15.0-15.9 SEER",null,null,null,null,null,null,null,null,"15.0-15.9 SEER",null,null,null,null,null,null,null,null,"15.0-15.9 SEER",null,null,null,null,null,null,null,null,null,null,null,null,null,null,null,null,"8.6-8.9 HSPF",null,null,null,null,null,null,null,null,"8.6-8.9 HSPF",null,null,null,null,null,null,null,null,"8.6-8.9 HSPF",null,null,null,null,null,null,null,null,"8.6-8.9 HSPF",null,null,null,null,null,null,null,null,"8.6-8.9 HSPF"]
["Size (tons) post","<22,800","22,800-28,499","28,500-34,199","34,200-39,899","39,900-45,599","45,600-56,999","57,000-64,499",null,"Size (tons) post","<22,800","22,800-28,499","28,500-34,199","34,200-39,899","39,900-45,599","45,600-56,999","57,000-64,499",null,"Size (tons) post","<22,800","22,800-28,499","28,500-34,199","34,200-39,899","39,900-45,599","45,600-56,999","57,000-64,499",null,null,null,null,null,null,null,null,null,"Size (tons) post","<22,800","22,800-28,499","28,500-34,199","34,200-39,899","39,900-45,599","45,600-56,999","57,000-64,499",null,"Size (tons) post","<22,800","22,800-28,499","28,500-34,199","34,200-39,899","39,900-45,599","45,600-56,999","57,000-64,499",null,"Size (tons) post","<22,800","22,800-28,499","28,500-34,199","34,200-39,899","39,900-45,599","45,600-56,999","57,000-64,499",null,"Size (Btuh) Post","<22,800","22,800-28,499","28,500-34,199","34,200-39,899","39,900-45,599","45,600-56,999","57,000-64,499",null,"Size (Btuh) Post","<22,800","22,800-28,499","28,500-34,199","34,200-39,899","39,900-45,599","45,600-56,999","57,000-64,499"]
["Size (tons) pre",null,null,null,null,null,null,null,null,"Size (tons) pre",null,null,null,null,null,null,null,null,"Size (tons) pre",null,null,null,null,null,null,null,null,null,null,null,null,null,null,null,null,"Size (tons) pre",null,null,null,null,null,null,null,null,"Size (tons) pre",null,null,null,null,null,null,null,null,"Size (tons) pre",null,null,null,null,null,null,null,null,"Size (Btuh) Pre",null,null,null,null,null,null,null,null,"Size (Btuh) Pre"]
["<22,800",0.74,0.26,-0.22,-0.7,-1.18,-1.66,-2.61,null,"<22,800",0.32,-0.16,-0.64,-1.1200000000000001,-1.6,-2.08,-3.04,null,"<22,800",0.23,-0.25,-0.73,-1.21,-1.69,-2.17,-3.13,null,null,null,null,null,null,null,null,null,"<22,800",2.19,1.87,1.55,1.23,0.91,0.57999999999999996,-0.06,null,"<22,800",0.17,-0.15,-0.47,-0.79,-1.1100000000000001,-1.43,-2.08,null,"<22,800",0.42,0.1,-0.22,-0.55000000000000004,-0.87,-1.19,-1.83,null,"<22,800",7.0000000000000007E-2,-0.25,-0.56999999999999995,-0.89,-1.21,-1.54,-2.1800000000000002,null,"<22,800",7.0000000000000007E-2,-0.25,-0.56999999999999995,-0.89,-1.21,-1.54,-2.1800000000000002]
["22,800-28,499",1.47,0.99,0.51,0.03,-0.45,-0.93,-1.89,null,"22,800-28,499",0.9,0.42,-0.06,-0.54,-1.02,-1.5,-2.46,null,"22,800-28,499",0.79,0.31,-0.17,-0.65,-1.1299999999999999,-1.61,-2.57,null,null,null,null,null,null,null,null,null,"22,800-28,499",3.24,2.92,2.6,2.2799999999999998,1.96,1.64,0.99,null,"22,800-28,499",0.55000000000000004,0.23,-0.09,-0.41,-0.73,-1.05,-1.7,null,"22,800-28,499",0.88,0.56000000000000005,0.24,-0.08,-0.41,-0.73,-1.37,null,"22,800-28,499",0.42,0.1,-0.23,-0.55000000000000004,-0.87,-1.19,-1.83,null,"22,800-28,499",0.42,0.1,-0.23,-0.55000000000000004,-0.87,-1.19,-1.83]
["28,500-34,199",2.2000000000000002,1.72,1.24,0.76,0.28000000000000003,-0.2,-1.1599999999999999,null,"28,500-34,199",1.49,1.01,0.53,0.05,-0.43,-0.91,-1.87,null,"28,500-34,199",1.34,0.86,0.38,-0.1,-0.57999999999999996,-1.06,-2.02,null,null,null,null,null,null,null,null,null,"28,500-34,199",4.3,3.97,3.65,3.33,3.01,2.69,2.0499999999999998,null,"28,500-34,199",0.93,0.61,0.28999999999999998,-0.03,-0.35,-0.67,-1.32,null,"28,500-34,199",1.34,1.02,0.7,0.38,0.06,-0.27,-0.91,null,"28,500-34,199",0.76,0.44,0.12,-0.2,-0.52,-0.84,-1.49,null,"28,500-34,199",0.76,0.44,0.12,-0.2,-0.52,-0.84,-1.49]
["34,200-39,899",2.93,2.4500000000000002,1.97,1.49,1.01,0.53,-0.43,null,"34,200-39,899",2.0699999999999998,1.59,1.1100000000000001,0.63,0.15,-0.33,-1.29,null,"34,200-39,899",1.9,1.42,0.94,0.46,-0.02,-0.5,-1.46,null,null,null,null,null,null,null,null,null,"34,200-39,899",5.35,5.03,4.71,4.38,4.0599999999999996,3.74,3.1,null,"34,200-39,899",1.31,0.99,0.67,0.35,0.03,-0.3,-0.94,null,"34,200-39,899",1.8,1.48,1.1599999999999999,0.84,0.52,0.19,-0.45,null,"34,200-39,899",1.1100000000000001,0.79,0.47,0.14000000000000001,-0.18,-0.5,-1.1399999999999999,null,"34,200-39,899",1.1100000000000001,0.79,0.47,0.14000000000000001,-0.18,-0.5,-1.1399999999999999]
["39,900-45,599",3.65,3.17,2.69,2.2200000000000002,1.74,1.26,0.3,null,"39,900-45,599",2.66,2.1800000000000002,1.7,1.22,0.74,0.26,-0.7,null,"39,900-45,599",2.46,1.98,1.5,1.02,0.54,0.06,-0.9,null,null,null,null,null,null,null,null,null,"39,900-45,599",6.4,6.08,5.76,5.44,5.1100000000000003,4.79,4.1500000000000004,null,"39,900-45,599",1.69,1.37,1.05,0.73,0.41,0.08,-0.56000000000000005,null,"39,900-45,599",2.2599999999999998,1.94,1.62,1.3,0.98,0.66,0.01,null,"39,900-45,599",1.45,1.1299999999999999,0.81,0.49,0.17,-0.15,-0.8,null,"39,900-45,599",1.45,1.1299999999999999,0.81,0.49,0.17,-0.15,-0.8]
["45,600-56,999",4.38,3.9,3.42,2.94,2.46,1.98,1.02,null,"45,600-56,999",3.24,2.76,2.2799999999999998,1.8,1.32,0.84,-0.12,null,"45,600-56,999",3.01,2.5299999999999998,2.0499999999999998,1.57,1.0900000000000001,0.61,-0.35,null,null,null,null,null,null,null,null,null,"45,600-56,999",7.45,7.13,6.81,6.49,6.17,5.85,5.2,null,"45,600-56,999",2.0699999999999998,1.75,1.43,1.1100000000000001,0.79,0.46,-0.18,null,"45,600-56,999",2.72,2.4,2.08,1.76,1.44,1.1200000000000001,0.47,null,"45,600-56,999",1.8,1.48,1.1599999999999999,0.84,0.51,0.19,-0.45,null,"45,600-56,999",1.8,1.48,1.1599999999999999,0.84,0.51,0.19,-0.45]
["57,000-64,499",5.84,5.36,4.88,4.4000000000000004,3.92,3.44,2.48,null,"57,000-64,499",4.41,3.93,3.45,2.97,2.4900000000000002,2.0099999999999998,1.05,null,"57,000-64,499",4.12,3.64,3.16,2.68,2.2000000000000002,1.73,0.77,null,null,null,null,null,null,null,null,null,"57,000-64,499",9.56,9.24,8.91,8.59,8.27,7.95,7.31,null,"57,000-64,499",2.83,2.5099999999999998,2.19,1.87,1.54,1.22,0.57999999999999996,null,"57,000-64,499",3.65,3.33,3,2.68,2.36,2.04,1.4,null,"57,000-64,499",2.4900000000000002,2.17,1.85,1.53,1.2,0.88,0.24,null,"57,000-64,499",2.4900000000000002,2.17,1.85,1.53,1.2,0.88,0.24]
["16.0-16.9 SEER",null,null,null,null,null,null,null,null,"16.0-16.9 SEER",null,null,null,null,null,null,null,null,"16.0-16.9 SEER",null,null,null,null,null,null,null,null,null,null,null,null,null,null,null,null,"9.0-9.2 HSPF",null,null,null,null,null,null,null,null,"9.0-9.2 HSPF",null,null,null,null,null,null,null,null,"9.0-9.2 HSPF",null,null,null,null,null,null,null,null,"9.0-9.2 HSPF",null,null,null,null,null,null,null,null,"9.0-9.2 HSPF"]
["Size (tons) post","<22,800","22,800-28,499","28,500-34,199","34,200-39,899","39,900-45,599","45,600-56,999","57,000-64,499",null,"Size (tons) post","<22,800","22,800-28,499","28,500-34,199","34,200-39,899","39,900-45,599","45,600-56,999","57,000-64,499",null,"Size (tons) post","<22,800","22,800-28,499","28,500-34,199","34,200-39,899","39,900-45,599","45,600-56,999","57,000-64,499",null,null,null,null,null,null,null,null,null,"Size (tons) post","<22,800","22,800-28,499","28,500-34,199","34,200-39,899","39,900-45,599","45,600-56,999","57,000-64,499",null,"Size (tons) post","<22,800","22,800-28,499","28,500-34,199","34,200-39,899","39,900-45,599","45,600-56,999","57,000-64,499",null,"Size (tons) post","<22,800","22,800-28,499","28,500-34,199","34,200-39,899","39,900-45,599","45,600-56,999","57,000-64,499",null,"Size (Btuh) Post","<22,800","22,800-28,499","28,500-34,199","34,200-39,899","39,900-45,599","45,600-56,999","57,000-64,499",null,"Size (Btuh) Post","<22,800","22,800-28,499","28,500-34,199","34,200-39,899","39,900-45,599","45,600-56,999","57,000-64,499"]
["Size (tons) pre",null,null,null,null,null,null,null,null,"Size (tons) pre",null,null,null,null,null,null,null,null,"Size (tons) pre",null,null,null,null,null,null,null,null,null,null,null,null,null,null,null,null,"Size (tons) pre",null,null,null,null,null,null,null,null,"Size (tons) pre",null,null,null,null,null,null,null,null,"Size (tons) pre",null,null,null,null,null,null,null,null,"Size (Btuh) Pre",null,null,null,null,null,null,null,null,"Size (Btuh) Pre"]
["<22,800",0.85,0.4,-0.04,-0.49,-0.94,-1.38,-2.27,null,"<22,800",0.42,-0.03,-0.47,-0.92,-1.36,-1.81,-2.7,null,"<22,800",0.33,-0.11,-0.56000000000000005,-1,-1.45,-1.9,-2.79,null,null,null,null,null,null,null,null,null,"<22,800",2.2400000000000002,1.94,1.63,1.33,1.1299999999999999,0.72,0.11,null,"<22,800",0.22,-0.08,-0.38,-0.69,-0.89,-1.3,-1.91,null,"<22,800",0.47,0.17,-0.14000000000000001,-0.44,-0.55000000000000004,-1.05,-1.66,null,"<22,800",0.12,-0.18,-0.49,-0.79,-1.1000000000000001,-1.4,-2.0099999999999998,null,"<22,800",0.12,-0.18,-0.49,-0.79,-1.1000000000000001,-1.4,-2.0099999999999998]
["22,800-28,499",1.57,1.1299999999999999,0.68,0.24,-0.21,-0.65,-1.54,null,"22,800-28,499",1,0.56000000000000005,0.11,-0.33,-0.78,-1.22,-2.12,null,"22,800-28,499",0.89,0.44,0,-0.45,-0.89,-1.34,-2.23,null,null,null,null,null,null,null,null,null,"22,800-28,499",3.29,2.99,2.69,2.38,2.1800000000000002,1.77,1.1599999999999999,null,"22,800-28,499",0.6,0.3,1,-0.31,-0.51,-0.92,-1.53,null,"22,800-28,499",0.93,0.63,0.32,0.02,-0.08,-0.59,-1.2,null,"22,800-28,499",0.47,0.16,-0.14000000000000001,-0.45,-0.75,-1.05,-1.66,null,"22,800-28,499",0.47,0.16,-0.14000000000000001,-0.45,-0.75,-1.05,-1.66]
["28,500-34,199",2.2999999999999998,1.86,1.41,0.97,0.52,7.0000000000000007E-2,-0.82,null,"28,500-34,199",1.59,1.1399999999999999,0.7,0.25,-0.19,-0.64,-1.53,null,"28,500-34,199",1.45,1,0.55000000000000004,0.11,-0.34,-0.78,-1.67,null,null,null,null,null,null,null,null,null,"28,500-34,199",4.3499999999999996,4.04,3.74,3.43,3.24,2.82,2.21,null,"28,500-34,199",0.98,0.68,0.37,7.0000000000000007E-2,-0.13,-0.54,-1.1499999999999999,null,"28,500-34,199",1.39,1.0900000000000001,0.78,0.48,0.38,-0.13,-0.74,null,"28,500-34,199",0.81,0.51,0.2,-0.1,-0.4,-0.71,-1.32,null,"28,500-34,199",0.81,0.51,0.2,-0.1,-0.4,-0.71,-1.32]
["34,200-39,899",3.03,2.58,2.14,1.69,1.25,0.8,-0.09,null,"34,200-39,899",2.17,1.73,1.28,0.84,0.39,-0.05,-0.95,null,"34,200-39,899",2,1.56,1.1100000000000001,0.66,0.22,-0.23,-1.1200000000000001,null,null,null,null,null,null,null,null,null,"34,200-39,899",5.4,5.09,4.79,4.49,4.29,3.88,3.27,null,"34,200-39,899",1.36,1.06,0.75,0.45,0.25,-0.16,-0.77,null,"34,200-39,899",1.85,1.55,1.24,0.94,0.84,0.33,-0.28000000000000003,null,"34,200-39,899",1.1599999999999999,0.85,0.55000000000000004,0.25,-0.06,-0.36,-0.97,null,"34,200-39,899",1.1599999999999999,0.85,0.55000000000000004,0.25,-0.06,-0.36,-0.97]
["39,900-45,599",3.76,3.31,2.87,2.42,1.98,1.53,0.64,null,"39,900-45,599",2.76,2.31,1.87,1.42,0.98,0.53,-0.36,null,"39,900-45,599",2.56,2.11,1.67,1.22,0.78,0.33,-0.56000000000000005,null,null,null,null,null,null,null,null,null,"39,900-45,599",6.45,6.15,5.84,5.54,5.34,4.93,4.32,null,"39,900-45,599",1.74,1.44,1.1299999999999999,0.83,0.63,0.22,-0.39,null,"39,900-45,599",2.31,2.0099999999999998,1.71,1.4,1.3,0.79,0.18,null,"39,900-45,599",1.5,1.2,0.9,0.59,0.28999999999999998,-0.02,-0.63,null,"39,900-45,599",1.5,1.2,0.9,0.59,0.28999999999999998,-0.02,-0.63]
["45,600-56,999",4.49,4.04,3.59,3.15,2.7,2.2599999999999998,1.37,null,"45,600-56,999",3.34,2.9,2.4500000000000002,2.0099999999999998,1.56,1.1200000000000001,0.22,null,"45,600-56,999",3.11,2.67,2.2200000000000002,1.78,1.33,0.89,0,null,null,null,null,null,null,null,null,null,"45,600-56,999",7.5,7.2,6.89,6.59,6.39,5.98,5.37,null,"45,600-56,999",2.12,1.82,1.51,1.21,1.01,0.6,-0.01,null,"45,600-56,999",2.78,2.4700000000000002,2.17,1.86,1.76,1.25,0.64,null,"45,600-56,999",1.85,1.55,1.24,0.94,0.63,0.33,-0.28000000000000003,null,"45,600-56,999",1.85,1.55,1.24,0.94,0.63,0.33,-0.28000000000000003]
["57,000-64,499",5.94,5.5,5.05,4.5999999999999996,4.16,3.71,2.82,null,"57,000-64,499",4.51,4.07,3.62,3.18,2.73,2.29,1.39,null,"57,000-64,499",4.2300000000000004,3.78,3.34,2.89,2.44,2,1.1100000000000001,null,null,null,null,null,null,null,null,null,"57,000-64,499",9.61,9.3000000000000007,9,8.69,8.5,8.09,7.48,null,"57,000-64,499",2.88,2.58,2.27,1.97,1.77,1.36,0.75,null,"57,000-64,499",3.7,3.39,3.09,2.78,2.68,2.17,1.57,null,"57,000-64,499",2.54,2.2400000000000002,1.93,1.63,1.32,1.02,0.41,null,"57,000-64,499",2.54,2.2400000000000002,1.93,1.63,1.32,1.02,0.41]
["17.0-17.9 SEER",null,null,null,null,null,null,null,null,"17.0-17.9 SEER",null,null,null,null,null,null,null,null,"17.0-17.9 SEER",null,null,null,null,null,null,null,null,null,null,null,null,null,null,null,null,"9.3-9.4 HSPF",null,null,null,null,null,null,null,null,"9.3-9.4 HSPF",null,null,null,null,null,null,null,null,"9.3-9.4 HSPF",null,null,null,null,null,null,null,null,"9.3-9.4 HSPF",null,null,null,null,null,null,null,null,"9.3-9.4 HSPF"]
["Size (tons) post","<22,800","22,800-28,499","28,500-34,199","34,200-39,899","39,900-45,599","45,600-56,999","57,000-64,499",null,"Size (tons) post","<22,800","22,800-28,499","28,500-34,199","34,200-39,899","39,900-45,599","45,600-56,999","57,000-64,499",null,"Size (tons) post","<22,800","22,800-28,499","28,500-34,199","34,200-39,899","39,900-45,599","45,600-56,999","57,000-64,499",null,null,null,null,null,null,null,null,null,"Size (tons) post","<22,800","22,800-28,499","28,500-34,199","34,200-39,899","39,900-45,599","45,600-56,999","57,000-64,499",null,"Size (tons) post","<22,800","22,800-28,499","28,500-34,199","34,200-39,899","39,900-45,599","45,600-56,999","57,000-64,499",null,"Size (tons) post","<22,800","22,800-28,499","28,500-34,199","34,200-39,899","39,900-45,599","45,600-56,999","57,000-64,499",null,"Size (Btuh) Post","<22,800","22,800-28,499","28,500-34,199","34,200-39,899","39,900-45,599","45,600-56,999","57,000-64,499",null,"Size (Btuh) Post","<22,800","22,800-28,499","28,500-34,199","34,200-39,899","39,900-45,599","45,600-56,999","57,000-64,499"]
["Size (tons) pre",null,null,null,null,null,null,null,null,"Size (tons) pre",null,null,null,null,null,null,null,null,"Size (tons) pre",null,null,null,null,null,null,null,null,null,null,null,null,null,null,null,null,"Size (tons) pre",null,null,null,null,null,null,null,null,"Size (tons) pre",null,null,null,null,null,null,null,null,"Size (tons) pre",null,null,null,null,null,null,null,null,"Size (Btuh) Pre",null,null,null,null,null,null,null,null,"Size (Btuh) Pre"]
["<22,800",0.78,0.31,-0.16,-0.63,-0.91,-1.56,-2.5,null,"<22,800",0.35,-0.12,-0.59,-1.06,-1.34,-1.99,-2.93,null,"<22,800",0.26,-0.2,-0.67,-1.1399999999999999,-1.42,-2.08,-3.02,null,null,null,null,null,null,null,null,null,"<22,800",2.29,2,1.71,1.42,1.1299999999999999,0.84,0.26,null,"<22,800",0.27,-0.02,-0.31,-0.6,-0.89,-1.18,-1.76,null,"<22,800",0.52,0.23,-0.06,-0.35,-0.64,-0.93,-1.51,null,"<22,800",0.17,-0.12,-0.41,-0.7,-0.99,-1.28,-1.86,null,"<22,800",0.17,-0.12,-0.41,-0.7,-0.99,-1.28,-1.86]
["22,800-28,499",1.51,1.04,0.56999999999999995,0.1,-0.18,-0.84,-1.77,null,"22,800-28,499",0.93,0.47,0,-0.47,-0.75,-1.41,-2.34,null,"22,800-28,499",0.82,0.35,-0.12,-0.59,-0.87,-1.52,-2.46,null,null,null,null,null,null,null,null,null,"22,800-28,499",3.34,3.05,2.76,2.4700000000000002,2.1800000000000002,1.89,1.32,null,"22,800-28,499",0.65,0.36,7.0000000000000007E-2,-0.22,-0.51,-0.8,-1.38,null,"22,800-28,499",0.98,0.69,0.4,0.11,-0.18,-0.47,-1.05,null,"22,800-28,499",0.51,0.22,-0.06,-0.35,-0.64,-0.93,-1.51,null,"22,800-28,499",0.51,0.22,-0.06,-0.35,-0.64,-0.93,-1.51]
["28,500-34,199",2.23,1.76,1.3,0.83,0.55000000000000004,-0.11,-1.05,null,"28,500-34,199",1.52,1.05,0.57999999999999996,0.11,-0.17,-0.82,-1.76,null,"28,500-34,199",1.38,0.91,0.44,-0.03,-0.31,-0.97,-1.9,null,null,null,null,null,null,null,null,null,"28,500-34,199",4.3899999999999997,4.0999999999999996,3.81,3.52,3.24,2.95,2.37,null,"28,500-34,199",1.03,0.74,0.45,0.16,-0.13,-0.42,-1,null,"28,500-34,199",1.44,1.1499999999999999,0.86,0.56999999999999995,0.28000000000000003,-0.01,-0.59,null,"28,500-34,199",0.86,0.56999999999999995,0.28000000000000003,-0.01,-0.3,-0.59,-1.17,null,"28,500-34,199",0.86,0.56999999999999995,0.28000000000000003,-0.01,-0.3,-0.59,-1.17]
["34,200-39,899",2.96,2.4900000000000002,2.02,1.56,1.27,0.62,-0.32,null,"34,200-39,899",2.1,1.64,1.17,0.7,0.42,-0.24,-1.17,null,"34,200-39,899",1.93,1.46,1,0.53,0.25,-0.41,-1.35,null,null,null,null,null,null,null,null,null,"34,200-39,899",5.45,5.16,4.87,4.58,4.29,4,3.42,null,"34,200-39,899",1.41,1.1200000000000001,0.83,0.54,0.25,-0.04,-0.62,null,"34,200-39,899",1.9,1.61,1.32,1.03,0.74,0.45,-0.13,null,"34,200-39,899",1.21,0.92,0.63,0.34,0.05,-0.24,-0.82,null,"34,200-39,899",1.21,0.92,0.63,0.34,0.05,-0.24,-0.82]
["39,900-45,599",3.69,3.22,2.75,2.2799999999999998,1.81,1.35,0.41,null,"39,900-45,599",2.69,2.2200000000000002,1.75,1.28,0.82,0.35,-0.59,null,"39,900-45,599",2.4900000000000002,2.02,1.55,1.08,0.62,0.15,-0.79,null,null,null,null,null,null,null,null,null,"39,900-45,599",6.5,6.21,5.92,5.63,5.34,5.05,4.47,null,"39,900-45,599",1.79,1.5,1.21,0.92,0.63,0.34,-0.24,null,"39,900-45,599",2.36,2.0699999999999998,1.78,1.49,1.2,0.91,0.33,null,"39,900-45,599",1.55,1.26,0.97,0.68,0.39,0.1,-0.48,null,"39,900-45,599",1.55,1.26,0.97,0.68,0.39,0.1,-0.48]
["45,600-56,999",4.42,3.95,3.48,3.01,2.54,2.0699999999999998,1.1399999999999999,null,"45,600-56,999",3.27,2.81,2.34,1.87,1.4,0.93,0,null,"45,600-56,999",3.05,2.58,2.11,1.64,1.17,0.7,-0.23,null,null,null,null,null,null,null,null,null,"45,600-56,999",7.55,7.26,6.97,6.68,6.39,6.1,5.52,null,"45,600-56,999",2.17,1.88,1.59,1.3,1.01,0.72,0.14000000000000001,null,"45,600-56,999",2.82,2.5299999999999998,2.2400000000000002,1.95,1.66,1.37,0.8,null,"45,600-56,999",1.9,1.61,1.32,1.03,0.74,0.45,-0.13,null,"45,600-56,999",1.9,1.61,1.32,1.03,0.74,0.45,-0.13]
["57,000-64,499",5.87,5.4,4.93,4.47,4,3.53,2.59,null,"57,000-64,499",4.4400000000000004,3.98,3.51,3.04,2.57,2.1,1.17,null,"57,000-64,499",4.16,3.69,3.22,2.75,2.2799999999999998,1.82,0.88,null,null,null,null,null,null,null,null,null,"57,000-64,499",9.65,9.36,9.08,8.7899999999999991,8.5,8.2100000000000009,7.63,null,"57,000-64,499",2.93,2.64,2.35,2.06,1.77,1.48,0.9,null,"57,000-64,499",3.74,3.45,3.16,2.88,2.59,2.2999999999999998,1.72,null,"57,000-64,499",2.59,2.2999999999999998,2.0099999999999998,1.72,1.43,1.1399999999999999,0.56000000000000005,null,"57,000-64,499",2.59,2.2999999999999998,2.0099999999999998,1.72,1.43,1.1399999999999999,0.56000000000000005]
["18.0-20.9 SEER",null,null,null,null,null,null,null,null,"18.0-20.9 SEER",null,null,null,null,null,null,null,null,"18.0-20.9 SEER",null,null,null,null,null,null,null,null,null,null,null,null,null,null,null,null,"9.5-9.6 HSPF",null,null,null,null,null,null,null,null,"9.5-9.6 HSPF",null,null,null,null,null,null,null,null,"9.5-9.6 HSPF",null,null,null,null,null,null,null,null,"9.5-9.6 HSPF",null,null,null,null,null,null,null,null,"9.5-9.6 HSPF"]
["Size (tons) post","<22,800","22,800-28,499","28,500-34,199","34,200-39,899","39,900-45,599","45,600-56,999","57,000-64,499",null,"Size (tons) post","<22,800","22,800-28,499","28,500-34,199","34,200-39,899","39,900-45,599","45,600-56,999","57,000-64,499",null,"Size (tons) post","<22,800","22,800-28,499","28,500-34,199","34,200-39,899","39,900-45,599","45,600-56,999","57,000-64,499",null,null,null,null,null,null,null,null,null,"Size (tons) post","<22,800","22,800-28,499","28,500-34,199","34,200-39,899","39,900-45,599","45,600-56,999","57,000-64,499",null,"Size (tons) post","<22,800","22,800-28,499","28,500-34,199","34,200-39,899","39,900-45,599","45,600-56,999","57,000-64,499",null,"Size (tons) post","<22,800","22,800-28,499","28,500-34,199","34,200-39,899","39,900-45,599","45,600-56,999","57,000-64,499",null,"Size (Btuh) Post","<22,800","22,800-28,499","28,500-34,199","34,200-39,899","39,900-45,599","45,600-56,999","57,000-64,499",null,"Size (Btuh) Post","<22,800","22,800-28,499","28,500-34,199","34,200-39,899","39,900-45,599","45,600-56,999","57,000-64,499"]
["Size (tons) pre",null,null,null,null,null,null,null,null,"Size (tons) pre",null,null,null,null,null,null,null,null,"Size (tons) pre",null,null,null,null,null,null,null,null,null,null,null,null,null,null,null,null,"Size (tons) pre",null,null,null,null,null,null,null,null,"Size (tons) pre",null,null,null,null,null,null,null,null,"Size (tons) pre",null,null,null,null,null,null,null,null,"Size (Btuh) Pre",null,null,null,null,null,null,null,null,"Size (Btuh) Pre"]
["<22,800",0.86,0.42,-0.03,-0.47,-0.91,-1.35,-2.23,null,"<22,800",0.43,-0.01,-0.45,-0.9,-1.34,-1.78,-2.66,null,"<22,800",0.34,-0.1,-0.54,-0.98,-1.42,-1.86,-2.75,null,null,null,null,null,null,null,null,null,"<22,800",2.31,2.0299999999999998,1.74,1.46,1.18,0.9,0.33,null,"<22,800",0.28999999999999998,0.01,-0.27,-0.56000000000000005,-0.84,-1.1200000000000001,-1.68,null,"<22,800",0.54,0.25,-0.03,-0.31,-0.59,-0.88,-1.44,null,"<22,800",0.19,-0.09,-0.38,-0.66,-0.94,-1.22,-1.79,null,"<22,800",0.19,-0.09,-0.38,-0.66,-0.94,-1.22,-1.79]
["22,800-28,499",1.59,1.1399999999999999,0.7,0.26,-0.18,-0.62,-1.51,null,"22,800-28,499",1.01,0.56999999999999995,0.13,-0.31,-0.75,-1.19,-2.08,null,"22,800-28,499",0.9,0.46,0.02,-0.42,-0.87,-1.31,-2.19,null,null,null,null,null,null,null,null,null,"22,800-28,499",3.36,3.08,2.8,2.5099999999999998,2.23,1.95,1.39,null,"22,800-28,499",0.67,0.39,0.11,-0.18,-0.46,-0.74,-1.31,null,"22,800-28,499",1,0.72,0.43,0.15,-0.13,-0.41,-0.98,null,"22,800-28,499",0.54,0.25,-0.03,-0.31,-0.59,-0.88,-1.44,null,"22,800-28,499",0.54,0.25,-0.03,-0.31,-0.59,-0.88,-1.44]
["28,500-34,199",2.31,1.87,1.43,0.99,0.55000000000000004,0.1,-0.78,null,"28,500-34,199",1.6,1.1599999999999999,0.72,0.27,-0.17,-0.61,-1.49,null,"28,500-34,199",1.46,1.01,0.56999999999999995,0.13,-0.31,-0.75,-1.64,null,null,null,null,null,null,null,null,null,"28,500-34,199",4.41,4.13,3.85,3.57,3.28,3,2.44,null,"28,500-34,199",1.05,0.77,0.49,0.2,-0.08,-0.36,-0.93,null,"28,500-34,199",1.46,1.18,0.89,0.61,0.33,0.05,-0.52,null,"28,500-34,199",0.88,0.6,0.32,0.03,-0.25,-0.53,-1.1000000000000001,null,"28,500-34,199",0.88,0.6,0.32,0.03,-0.25,-0.53,-1.1000000000000001]
["34,200-39,899",3.04,2.6,2.16,1.72,1.27,0.83,-0.05,null,"34,200-39,899",2.1800000000000002,1.74,1.3,0.86,0.42,-0.02,-0.91,null,"34,200-39,899",2.0099999999999998,1.57,1.1299999999999999,0.69,0.25,-0.2,-1.08,null,null,null,null,null,null,null,null,null,"34,200-39,899",5.47,5.18,4.9000000000000004,4.62,4.34,4.05,3.49,null,"34,200-39,899",1.43,1.1499999999999999,0.87,0.57999999999999996,0.3,0.02,-0.55000000000000004,null,"34,200-39,899",1.92,1.64,1.36,1.07,0.79,0.51,-0.06,null,"34,200-39,899",1.23,0.94,0.66,0.38,0.1,-0.19,-0.75,null,"34,200-39,899",1.23,0.94,0.66,0.38,0.1,-0.19,-0.75]
["39,900-45,599",3.77,3.33,2.89,2.44,2,1.56,0.68,null,"39,900-45,599",2.77,2.33,1.89,1.44,1,0.56000000000000005,-0.32,null,"39,900-45,599",2.57,2.13,1.69,1.24,0.8,0.36,-0.52,null,null,null,null,null,null,null,null,null,"39,900-45,599",6.52,6.24,5.95,5.67,5.39,5.1100000000000003,4.54,null,"39,900-45,599",1.81,1.53,1.24,0.96,0.68,0.4,-0.17,null,"39,900-45,599",2.38,2.1,1.82,1.53,1.25,0.97,0.4,null,"39,900-45,599",1.57,1.29,1.01,0.72,0.44,0.16,-0.4,null,"39,900-45,599",1.57,1.29,1.01,0.72,0.44,0.16,-0.4]
["45,600-56,999",4.5,4.05,3.61,3.17,2.73,2.29,1.4,null,"45,600-56,999",3.35,2.91,2.4700000000000002,2.0299999999999998,1.59,1.1499999999999999,0.26,null,"45,600-56,999",3.13,2.68,2.2400000000000002,1.8,1.36,0.92,0.03,null,null,null,null,null,null,null,null,null,"45,600-56,999",7.57,7.29,7.01,6.72,6.44,6.16,5.59,null,"45,600-56,999",2.19,1.91,1.62,1.34,1.06,0.78,0.21,null,"45,600-56,999",2.84,2.56,2.2799999999999998,2,1.71,1.43,0.87,null,"45,600-56,999",1.92,1.63,1.35,1.07,0.79,0.51,-0.06,null,"45,600-56,999",1.92,1.63,1.35,1.07,0.79,0.51,-0.06]
["57,000-64,499",5.95,5.51,5.07,4.63,4.1900000000000004,3.74,2.86,null,"57,000-64,499",4.5199999999999996,4.08,3.64,3.2,2.76,2.3199999999999998,1.43,null,"57,000-64,499",4.24,3.8,3.36,2.91,2.4700000000000002,2.0299999999999998,1.1499999999999999,null,null,null,null,null,null,null,null,null,"57,000-64,499",9.67,9.39,9.11,8.83,8.5500000000000007,8.26,7.7,null,"57,000-64,499",2.95,2.67,2.38,2.1,1.82,1.54,0.97,null,"57,000-64,499",3.76,3.48,3.2,2.92,2.64,2.35,1.79,null,"57,000-64,499",2.61,2.33,2.04,1.76,1.48,1.2,0.63,null,"57,000-64,499",2.61,2.33,2.04,1.76,1.48,1.2,0.63]
["21.0+ SEER",null,null,null,null,null,null,null,null,"21.0+ SEER",null,null,null,null,null,null,null,null,"21.0+ SEER",null,null,null,null,null,null,null,null,null,null,null,null,null,null,null,null,"9.7+ HSPF",null,null,null,null,null,null,null,null,"9.7+ HSPF",null,null,null,null,null,null,null,null,"9.7+ HSPF",null,null,null,null,null,null,null,null,"9.7+ HSPF",null,null,null,null,null,null,null,null,"9.7+ HSPF"]
["Size (tons) post","<22,800","22,800-28,499","28,500-34,199","34,200-39,899","39,900-45,599","45,600-56,999","57,000-64,499",null,"Size (tons) post","<22,800","22,800-28,499","28,500-34,199","34,200-39,899","39,900-45,599","45,600-56,999","57,000-64,499",null,"Size (tons) post","<22,800","22,800-28,499","28,500-34,199","34,200-39,899","39,900-45,599","45,600-56,999","57,000-64,499",null,null,null,null,null,null,null,null,null,"Size (tons) post","<22,800","22,800-28,499","28,500-34,199","34,200-39,899","39,900-45,599","45,600-56,999","57,000-64,499",null,"Size (tons) post","<22,800","22,800-28,499","28,500-34,199","34,200-39,899","39,900-45,599","45,600-56,999","57,000-64,499",null,"Size (tons) post","<22,800","22,800-28,499","28,500-34,199","34,200-39,899","39,900-45,599","45,600-56,999","57,000-64,499",null,"Size (Btuh) Post","<22,800","22,800-28,499","28,500-34,199","34,200-39,899","39,900-45,599","45,600-56,999","57,000-64,499",null,"Size (Btuh) Post","<22,800","22,800-28,499","28,500-34,199","34,200-39,899","39,900-45,599","45,600-56,999","57,000-64,499"]
["Size (tons) pre",null,null,null,null,null,null,null,null,"Size (tons) pre",null,null,null,null,null,null,null,null,"Size (tons) pre",null,null,null,null,null,null,null,null,null,null,null,null,null,null,null,null,"Size (tons) pre",null,null,null,null,null,null,null,null,"Size (tons) pre",null,null,null,null,null,null,null,null,"Size (tons) pre",null,null,null,null,null,null,null,null,"Size (Btuh) Pre",null,null,null,null,null,null,null,null,"Size (Btuh) Pre"]
["<22,800",0.97,0.56999999999999995,0.16,-0.24,-0.65,-1.05,-1.86,null,"<22,800",0.54,0.14000000000000001,-0.27,-0.67,-1.07,-1.48,-2.29,null,"<22,800",0.46,0.05,-0.35,-0.76,-1.1599999999999999,-1.56,-2.37,null,null,null,null,null,null,null,null,null,"<22,800",2.33,2.0499999999999998,1.78,1.5,1.23,0.95,0.4,null,"<22,800",0.31,0.04,-0.24,-0.52,-0.79,-1.07,-1.62,null,"<22,800",0.56000000000000005,0.28000000000000003,0.01,-0.27,-0.55000000000000004,-0.82,-1.37,null,"<22,800",0.21,-7.0000000000000007E-2,-0.34,-0.62,-0.89,-1.17,-1.72,null,"<22,800",0.21,-7.0000000000000007E-2,-0.34,-0.62,-0.89,-1.17,-1.72]
["22,800-28,499",1.7,1.29,0.89,0.49,0.08,-0.32,-1.1299999999999999,null,"22,800-28,499",1.1299999999999999,0.72,0.32,-0.09,-0.49,-0.89,-1.7,null,"22,800-28,499",1.01,0.61,0.2,-0.2,-0.6,-1.01,-1.82,null,null,null,null,null,null,null,null,null,"22,800-28,499",3.38,3.11,2.83,2.56,2.2799999999999998,2,1.45,null,"22,800-28,499",0.69,0.42,0.14000000000000001,-0.14000000000000001,-0.41,-0.69,-1.24,null,"22,800-28,499",1.02,0.74,0.47,0.19,-0.08,-0.36,-0.91,null,"22,800-28,499",0.56000000000000005,0.28000000000000003,0,-0.27,-0.55000000000000004,-0.82,-1.37,null,"22,800-28,499",0.56000000000000005,0.28000000000000003,0,-0.27,-0.55000000000000004,-0.82,-1.37]
["28,500-34,199",2.4300000000000002,2.02,1.62,1.21,0.81,0.41,-0.4,null,"28,500-34,199",1.71,1.31,0.9,0.5,0.1,-0.31,-1.1200000000000001,null,"28,500-34,199",1.57,1.17,0.76,0.36,-0.05,-0.45,-1.26,null,null,null,null,null,null,null,null,null,"28,500-34,199",4.43,4.16,3.88,3.61,3.33,3.06,2.5099999999999998,null,"28,500-34,199",1.07,0.8,0.52,0.24,-0.03,-0.31,-0.86,null,"28,500-34,199",1.48,1.2,0.93,0.65,0.38,0.1,-0.45,null,"28,500-34,199",0.9,0.63,0.35,7.0000000000000007E-2,-0.2,-0.48,-1.03,null,"28,500-34,199",0.9,0.63,0.35,7.0000000000000007E-2,-0.2,-0.48,-1.03]
["34,200-39,899",3.15,2.75,2.35,1.94,1.54,1.1299999999999999,0.32,null,"34,200-39,899",2.2999999999999998,1.89,1.49,1.08,0.68,0.28000000000000003,-0.53,null,"34,200-39,899",2.13,1.72,1.32,0.91,0.51,0.1,-0.7,null,null,null,null,null,null,null,null,null,"34,200-39,899",5.49,5.21,4.9400000000000004,4.66,4.38,4.1100000000000003,3.56,null,"34,200-39,899",1.45,1.17,0.9,0.62,0.35,7.0000000000000007E-2,-0.48,null,"34,200-39,899",1.94,1.66,1.39,1.1100000000000001,0.84,0.56000000000000005,0.01,null,"34,200-39,899",1.25,0.97,0.7,0.42,0.14000000000000001,-0.13,-0.68,null,"34,200-39,899",1.25,0.97,0.7,0.42,0.14000000000000001,-0.13,-0.68]
["39,900-45,599",3.88,3.48,3.07,2.67,2.2599999999999998,1.86,1.05,null,"39,900-45,599",2.88,2.48,2.0699999999999998,1.67,1.27,0.86,0.05,null,"39,900-45,599",2.68,2.2799999999999998,1.87,1.47,1.07,0.66,-0.15,null,null,null,null,null,null,null,null,null,"39,900-45,599",6.54,6.26,5.99,5.71,5.44,5.16,4.6100000000000003,null,"39,900-45,599",1.83,1.55,1.28,1,0.73,0.45,-0.1,null,"39,900-45,599",2.4,2.13,1.85,1.57,1.3,1.02,0.47,null,"39,900-45,599",1.59,1.32,1.04,0.77,0.49,0.21,-0.34,null,"39,900-45,599",1.59,1.32,1.04,0.77,0.49,0.21,-0.34]
["45,600-56,999",4.6100000000000003,4.21,3.8,3.4,2.99,2.59,1.78,null,"45,600-56,999",3.47,3.06,2.66,2.25,1.85,1.45,0.64,null,"45,600-56,999",3.24,2.83,2.4300000000000002,2.0299999999999998,1.62,1.22,0.41,null,null,null,null,null,null,null,null,null,"45,600-56,999",7.59,7.32,7.04,6.76,6.49,6.21,5.66,null,"45,600-56,999",2.21,1.93,1.66,1.38,1.1100000000000001,0.83,0.28000000000000003,null,"45,600-56,999",2.86,2.59,2.31,2.04,1.76,1.48,0.93,null,"45,600-56,999",1.94,1.66,1.39,1.1100000000000001,0.84,0.56000000000000005,0.01,null,"45,600-56,999",1.94,1.66,1.39,1.1100000000000001,0.84,0.56000000000000005,0.01]
["57,000-64,499",6.06,5.66,5.26,4.8499999999999996,4.45,4.04,3.24,null,"57,000-64,499",4.6399999999999997,4.2300000000000004,3.83,3.42,3.02,2.62,1.81,null,"57,000-64,499",4.3499999999999996,3.95,3.54,3.14,2.73,2.33,1.52,null,null,null,null,null,null,null,null,null,"57,000-64,499",9.6999999999999993,9.42,9.14,8.8699999999999992,8.59,8.32,7.77,null,"57,000-64,499",2.97,2.69,2.42,2.14,1.87,1.59,1.04,null,"57,000-64,499",3.78,3.51,3.23,2.96,2.68,2.41,1.86,null,"57,000-64,499",2.63,2.35,2.08,1.8,1.53,1.25,0.7,null,"57,000-64,499",2.63,2.35,2.08,1.8,1.53,1.25,0.7]

{"sheet":"Lookup Tables kWh","index":4,"n_rows":61,"n_cols":79,"rows_kept":61,"cut":false,"hidden":true,"merged":[[41,71,41,78],[51,71,51,78],[0,71,0,77],[1,71,1,78],[11,71,11,78],[21,71,21,78],[31,71,31,78],[41,9,41,16],[1,70,2,70],[51,9,51,16],[1,27,2,27],[1,28,1,33],[1,9,1,16],[11,9,11,16],[21,9,21,16],[11,62,11,69],[21,62,21,69],[31,62,31,69],[41,62,41,69],[51,62,51,69],[0,9,0,16],[0,62,0,68],[0,0,0,7],[1,62,1,69],[31,9,31,16]]}
["Cooling ER kWh Savings--10 SEER BASELINE",null,null,null,null,null,null,null,null,"Cooling ER kWh Savings--12.44 SEER BASELINE",null,null,null,null,null,null,null,null,"Cooling ROB kWh Savings--13.08 SEER",null,null,null,null,null,null,null,null,"Cooling NC kWh Savings",null,null,null,null,null,null,null,"Heating ER kWh Savings - Electric Strip to HP",null,null,null,null,null,null,null,null,"Heating ER kWh Savings-HP to HP 7.7 HSPF",null,null,null,null,null,null,null,null,"Heating ER kWh Savings-HP to HP 6.8 HSPF",null,null,null,null,null,null,null,null,"Heating kWh Savings- ROB Heat Pump",null,null,null,null,null,null,null,null,"Heating kWh Savings- nc Heat Pump"]
["14.5-14.9 SEER",null,null,null,null,null,null,null,null,"14.5-14.9 SEER",null,null,null,null,null,null,null,null,"14.5-14.9 SEER",null,null,null,null,null,null,null,null,"Size (tons)","SEER Range",null,null,null,null,null,null,"8.5 HSPF",null,null,null,null,null,null,null,null,"8.5 HSPF",null,null,null,null,null,null,null,null,"8.5 HSPF",null,null,null,null,null,null,null,null,"8.5 HSPF",null,null,null,null,null,null,null,null,"8.5 HSPF"]
["Size (tons) post","<22,800","22,800-28,499","28,500-34,199","34,200-39,899","39,900-45,599","45,600-56,999","57,000-64,499",null,"Size (tons) post","<22,800","22,800-28,499","28,500-34,199","34,200-39,899","39,900-45,599","45,600-56,999","57,000-64,499",null,"Size (tons) post","<22,800","22,800-28,499","28,500-34,199","34,200-39,899","39,900-45,599","45,600-56,999","57,000-64,499",null,null,"14.5-14.9","15.0-15.9","16.0-16.9","17.0-17.9","18.0-20.9","21.0+",null,"Size (tons) post","<22,800","22,800-28,499","28,500-34,199","34,200-39,899","39,900-45,599","45,600-56,999","57,000-64,499",null,"Size (tons) post","<22,800","22,800-28,499","28,500-34,199","34,200-39,899","39,900-45,599","45,600-56,999","57,000-64,499",null,"Size (tons) post","<22,800","22,800-28,499","28,500-34,199","34,200-39,899","39,900-45,599","45,600-56,999","57,000-64,499",null,"Size (Btuh) Post","<22,800","22,800-28,499","28,500-34,199","34,200-39,899","39,900-45,599","45,600-56,999","57,000-64,499",null,"Size (Btuh) Post","<22,800","22,800-28,499","28,500-34,199","34,200-39,899","39,900-45,599","45,600-56,999","57,000-64,499"]
["Size (tons) pre",null,null,null,null,null,null,null,null,"Size (tons) pre",null,null,null,null,null,null,null,null,"Size (tons) pre",null,null,null,null,null,null,null,null,"<22,800",123,236,438,756,879,1175,null,"Size (tons) pre",null,null,null,null,null,null,null,null,"Size (tons) pre",null,null,null,null,null,null,null,null,"Size (tons) pre",null,null,null,null,null,null,null,null,"Size (Btuh) Pre",null,null,null,null,null,null,null,null,"Size (Btuh) Pre"]
["<22,800",1348,368,-613,-1593,-2574,-3554,-5515,null,"<22,800",507,-474,-1454,-2434,-3415,-4395,-6356,null,"<22,800",338,-642,-1623,-2603,-3584,-4564,-6525,null,"22,800-28,499",163,314,584,1008,1172,1566,null,"<22,800",2315,1972,1628,1285,942,598,-89,null,"<22,800",152,-191,-535,-878,-1222,-1565,-2252,null,"<22,800",406,63,-280,-624,-967,-1311,-1998,null,"<22,800",46,-297,-641,-984,-1328,-1671,-2358,null,"<22,800",46,-297,-641,-984,-1328,-1671,-2358]
["22,800-28,499",2778,1797,817,-163,-1144,-2124,-4085,null,"22,800-28,499",1656,676,-305,-1285,-2266,-3246,-5207,null,"22,800-28,499",1431,451,-530,-1510,-2490,-3471,-5432,null,"28,500-34,199",204,393,729,1260,1465,1958,null,"22,800-28,499",3430,3087,2744,2400,2057,1713,1027,null,"22,800-28,499",546,203,-141,-484,-828,-1171,-1858,null,"22,800-28,499",885,542,198,-145,-488,-832,-1519,null,"22,800-28,499",405,62,-282,-625,-969,-1312,-1999,null,"22,800-28,499",405,62,-282,-625,-969,-1312,-1999]
["28,500-34,199",4208,3227,2247,1266,286,-694,-2655,null,"28,500-34,199",2805,1825,845,-136,-1116,-2097,-4057,null,"28,500-34,199",2524,1544,563,-417,-1397,-2378,-4339,null,"34,200-39,899",245,471,875,1512,1757,2350,null,"28,500-34,199",4546,4202,3859,3515,3172,2829,2142,null,"28,500-34,199",940,597,253,-90,-434,-777,-1464,null,"28,500-34,199",1364,1021,677,334,-10,-353,-1040,null,"28,500-34,199",764,420,77,-267,-610,-953,-1640,null,"28,500-34,199",764,420,77,-267,-610,-953,-1640]
["34,200-39,899",5637,4657,3677,2696,1716,735,-1226,null,"34,200-39,899",3955,2974,1994,1014,33,-947,-2908,null,"34,200-39,899",3617,2637,1656,676,-304,-1285,-3246,null,"39,900-45,599",286,550,1021,1764,2050,2741,null,"34,200-39,899",5661,5317,4974,4631,4287,3944,3257,null,"34,200-39,899",1334,991,647,304,-39,-383,-1070,null,"34,200-39,899",1843,1500,1156,813,469,126,-561,null,"34,200-39,899",1123,779,436,92,-251,-595,-1281,null,"34,200-39,899",1123,779,436,92,-251,-595,-1281]
["39,900-45,599",7067,6087,5106,4126,3145,2165,204,null,"39,900-45,599",5104,4124,3143,2163,1182,202,-1759,null,"39,900-45,599",4710,3730,2750,1769,789,-192,-2152,null,"45,600-56,999",327,628,1167,2017,2343,3133,null,"39,900-45,599",6776,6433,6089,5746,5402,5059,4372,null,"39,900-45,599",1728,1385,1042,698,355,11,-676,null,"39,900-45,599",2322,1978,1635,1292,948,605,-82,null,"39,900-45,599",1481,1138,794,451,108,-236,-923,null,"39,900-45,599",1481,1138,794,451,108,-236,-923]
["45,600-56,999",8497,7516,6536,5556,4575,3595,1634,null,"45,600-56,999",6253,5273,4293,3312,2332,1351,-609,null,"45,600-56,999",5803,4823,3843,2862,1882,901,-1059,null,"57,000-64,499",409,786,1459,2521,2929,3916,null,"45,600-56,999",7891,7548,7204,6861,6518,6174,5487,null,"45,600-56,999",2122,1779,1436,1092,749,405,-281,null,"45,600-56,999",2801,2457,2114,1770,1427,1084,397,null,"45,600-56,999",1840,1497,1153,810,466,123,-564,null,"45,600-56,999",1840,1497,1153,810,466,123,-564]
["57,000-64,499",11356,10376,9396,8415,7435,6454,4494,null,"57,000-64,499",8552,7572,6591,5611,4630,3650,1689,null,"57,000-64,499",7990,7009,6029,5048,4068,3088,1127,null,null,null,null,null,null,null,null,null,"57,000-64,499",10122,9778,9435,9091,8748,8404,7718,null,"57,000-64,499",2911,2567,2224,1880,1537,1194,507,null,"57,000-64,499",3758,3415,3072,2728,2385,2041,1355,null,"57,000-64,499",2558,2214,1871,1527,1184,841,154,null,"57,000-64,499",2558,2214,1871,1527,1184,841,154]
["15.0-15.9 SEER",null,null,null,null,null,null,null,null,"15.0-15.9 SEER",null,null,null,null,null,null,null,null,"15.0-15.9 SEER",null,null,null,null,null,null,null,null,null,null,null,null,null,null,null,null,"8.6-8.9 HSPF",null,null,null,null,null,null,null,null,"8.6-8.9 HSPF",null,null,null,null,null,null,null,null,"8.6-8.9 HSPF",null,null,null,null,null,null,null,null,"8.6-8.9 HSPF",null,null,null,null,null,null,null,null,"8.6-8.9 HSPF"]
["Size (tons) post","<22,800","22,800-28,499","28,500-34,199","34,200-39,899","39,900-45,599","45,600-56,999","57,000-64,499",null,"Size (tons) post","<22,800","22,800-28,499","28,500-34,199","34,200-39,899","39,900-45,599","45,600-56,999","57,000-64,499",null,"Size (tons) post","<22,800","22,800-28,499","28,500-34,199","34,200-39,899","39,900-45,599","45,600-56,999","57,000-64,499",null,null,null,null,null,null,null,null,null,"Size (tons) post","<22,800","22,800-28,499","28,500-34,199","34,200-39,899","39,900-45,599","45,600-56,999","57,000-64,499",null,"Size (tons) post","<22,800","22,800-28,499","28,500-34,199","34,200-39,899","39,900-45,599","45,600-56,999","57,000-64,499",null,"Size (tons) post","<22,800","22,800-28,499","28,500-34,199","34,200-39,899","39,900-45,599","45,600-56,999","57,000-64,499",null,"Size (Btuh) Post","<22,800","22,800-28,499","28,500-34,199","34,200-39,899","39,900-45,599","45,600-56,999","57,000-64,499",null,"Size (Btuh) Post","<22,800","22,800-28,499","28,500-34,199","34,200-39,899","39,900-45,599","45,600-56,999","57,000-64,499"]
["Size (tons) pre",null,null,null,null,null,null,null,null,"Size (tons) pre",null,null,null,null,null,null,null,null,"Size (tons) pre",null,null,null,null,null,null,null,null,null,null,null,null,null,null,null,null,"Size (tons) pre",null,null,null,null,null,null,null,null,"Size (tons) pre",null,null,null,null,null,null,null,null,"Size (tons) pre",null,null,null,null,null,null,null,null,"Size (Btuh) Pre",null,null,null,null,null,null,null,null,"Size (Btuh) Pre"]
["<22,800",1461,518,-424,-1367,-2310,-3252,-5138,null,"<22,800",620,-323,-1266,-2208,-3151,-4094,-5979,null,"<22,800",451,-492,-1434,-2377,-3320,-4262,-6148,null,null,null,null,null,null,null,null,null,"<22,800",2344,2010,1676,1342,1008,674,7,null,"<22,800",181,-153,-487,-821,-1155,-1489,-2157,null,"<22,800",435,101,-233,-567,-901,-1234,-1902,null,"<22,800",75,-259,-593,-927,-1261,-1595,-2262,null,"<22,800",75,-259,-593,-927,-1261,-1595,-2262]
["22,800-28,499",2891,1948,1006,63,-880,-1823,-3708,null,"22,800-28,499",1769,826,-116,-1059,-2002,-2944,-4830,null,"22,800-28,499",1544,602,-341,-1284,-2227,-3169,-5055,null,null,null,null,null,null,null,null,null,"22,800-28,499",3459,3125,2791,2457,2124,1790,1122,null,"22,800-28,499",575,241,-93,-427,-761,-1095,-1762,null,"22,800-28,499",914,580,246,-88,-422,-756,-1423,null,"22,800-28,499",434,100,-234,-568,-902,-1236,-1904,null,"22,800-28,499",434,100,-234,-568,-902,-1236,-1904]
["28,500-34,199",4321,3378,2435,1493,550,-393,-2278,null,"28,500-34,199",2919,1976,1033,90,-852,-1795,-3680,null,"28,500-34,199",2637,1695,752,-191,-1133,-2076,-3962,null,null,null,null,null,null,null,null,null,"28,500-34,199",4574,4240,3907,3573,3239,2905,2237,null,"28,500-34,199",969,635,301,-33,-367,-701,-1368,null,"28,500-34,199",1393,1059,725,391,57,-277,-944,null,"28,500-34,199",792,458,125,-209,-543,-877,-1545,null,"28,500-34,199",792,458,125,-209,-543,-877,-1545]
["34,200-39,899",5750,4808,3865,2922,1980,1037,-848,null,"34,200-39,899",4068,3125,2182,1240,297,-646,-2531,null,"34,200-39,899",3730,2788,1845,902,-40,-983,-2868,null,null,null,null,null,null,null,null,null,"34,200-39,899",5689,5356,5022,4688,4354,4020,3352,null,"34,200-39,899",1363,1029,695,361,27,-307,-974,null,"34,200-39,899",1872,1538,1204,870,536,202,-466,null,"34,200-39,899",1151,817,483,150,-184,-518,-1186,null,"34,200-39,899",1151,817,483,150,-184,-518,-1186]
["39,900-45,599",7180,6237,5295,4352,3409,2467,581,null,"39,900-45,599",5217,4274,3332,2389,1446,504,-1382,null,"39,900-45,599",4823,3881,2938,1995,1053,110,-1775,null,null,null,null,null,null,null,null,null,"39,900-45,599",6805,6471,6137,5803,5469,5135,4467,null,"39,900-45,599",1757,1423,1089,755,421,88,-580,null,"39,900-45,599",2350,2017,1683,1349,1015,681,13,null,"39,900-45,599",1510,1176,842,508,174,-159,-827,null,"39,900-45,599",1510,1176,842,508,174,-159,-827]
["45,600-56,999",8610,7667,6725,5782,4839,3896,2011,null,"45,600-56,999",6366,5424,4481,3538,2596,1653,-232,null,"45,600-56,999",5917,4974,4031,3089,2146,1203,-682,null,null,null,null,null,null,null,null,null,"45,600-56,999",7920,7586,7252,6918,6584,6250,5583,null,"45,600-56,999",2151,1817,1483,1149,816,482,-186,null,"45,600-56,999",2829,2495,2162,1828,1494,1160,492,null,"45,600-56,999",1869,1535,1201,867,533,199,-468,null,"45,600-56,999",1869,1535,1201,867,533,199,-468]
["57,000-64,499",11469,10527,9584,8641,7699,6756,4871,null,"57,000-64,499",8665,7722,6780,5837,4894,3952,2066,null,"57,000-64,499",8103,7160,6217,5275,4332,3389,1504,null,null,null,null,null,null,null,null,null,"57,000-64,499",10150,9816,9482,9149,8815,8481,7813,null,"57,000-64,499",2939,2605,2272,1938,1604,1270,602,null,"57,000-64,499",3787,3453,3119,2785,2452,2118,1450,null,"57,000-64,499",2586,2252,1919,1585,1251,917,249,null,"57,000-64,499",2586,2252,1919,1585,1251,917,249]
["16.0-16.9 SEER",null,null,null,null,null,null,null,null,"16.0-16.9 SEER",null,null,null,null,null,null,null,null,"16.0-16.9 SEER",null,null,null,null,null,null,null,null,null,null,null,null,null,null,null,null,"9.0-9.2 HSPF",null,null,null,null,null,null,null,null,"9.0-9.2 HSPF",null,null,null,null,null,null,null,null,"9.0-9.2 HSPF",null,null,null,null,null,null,null,null,"9.0-9.2 HSPF",null,null,null,null,null,null,null,null,"9.0-9.2 HSPF"]
["Size (tons) post","<22,800","22,800-28,499","28,500-34,199","34,200-39,899","39,900-45,599","45,600-56,999","57,000-64,499",null,"Size (tons) post","<22,800","22,800-28,499","28,500-34,199","34,200-39,899","39,900-45,599","45,600-56,999","57,000-64,499",null,"Size (tons) post","<22,800","22,800-28,499","28,500-34,199","34,200-39,899","39,900-45,599","45,600-56,999","57,000-64,499",null,null,null,null,null,null,null,null,null,"Size (tons) post","<22,800","22,800-28,499","28,500-34,199","34,200-39,899","39,900-45,599","45,600-56,999","57,000-64,499",null,"Size (tons) post","<22,800","22,800-28,499","28,500-34,199","34,200-39,899","39,900-45,599","45,600-56,999","57,000-64,499",null,"Size (tons) post","<22,800","22,800-28,499","28,500-34,199","34,200-39,899","39,900-45,599","45,600-56,999","57,000-64,499",null,"Size (Btuh) Post","<22,800","22,800-28,499","28,500-34,199","34,200-39,899","39,900-45,599","45,600-56,999","57,000-64,499",null,"Size (Btuh) Post","<22,800","22,800-28,499","28,500-34,199","34,200-39,899","39,900-45,599","45,600-56,999","57,000-64,499"]
["Size (tons) pre",null,null,null,null,null,null,null,null,"Size (tons) pre",null,null,null,null,null,null,null,null,"Size (tons) pre",null,null,null,null,null,null,null,null,null,null,null,null,null,null,null,null,"Size (tons) pre",null,null,null,null,null,null,null,null,"Size (tons) pre",null,null,null,null,null,null,null,null,"Size (tons) pre",null,null,null,null,null,null,null,null,"Size (Btuh) Pre",null,null,null,null,null,null,null,null,"Size (Btuh) Pre"]
["<22,800",1663,788,-88,-963,-1838,-2714,-4464,null,"<22,800",822,-53,-929,-1804,-2680,-3555,-5306,null,"<22,800",653,-222,-1098,-1973,-2848,-3724,-5474,null,null,null,null,null,null,null,null,null,"<22,800",2397,2080,1764,1448,1131,815,182,null,"<22,800",233,-83,-399,-716,-1032,-1348,-1981,null,"<22,800",488,171,-145,-461,-778,-1094,-1726,null,"<22,800",127,-189,-505,-821,-1138,-1454,-2087,null,"<22,800",127,-189,-505,-821,-1138,-1454,-2087]
["22,800-28,499",3093,2218,1342,467,-409,-1284,-3035,null,"22,800-28,499",1971,1096,220,-655,-1530,-2406,-4156,null,"22,800-28,499",1746,871,-4,-880,-1755,-2631,-4381,null,null,null,null,null,null,null,null,null,"22,800-28,499",3512,3196,2879,2563,2247,1930,1298,null,"22,800-28,499",627,311,-5,-321,-638,-954,-1587,null,"22,800-28,499",967,650,334,18,-299,-615,-1248,null,"22,800-28,499",486,170,-146,-463,-779,-1095,-1728,null,"22,800-28,499",486,170,-146,-463,-779,-1095,-1728]
["28,500-34,199",4523,3647,2772,1897,1021,146,-1605,null,"28,500-34,199",3121,2245,1370,494,-381,-1256,-3007,null,"28,500-34,199",2839,1964,1089,213,-662,-1537,-3288,null,null,null,null,null,null,null,null,null,"28,500-34,199",4627,4311,3994,3678,3362,3045,2413,null,"28,500-34,199",1022,705,389,73,-244,-560,-1193,null,"28,500-34,199",1445,1129,813,497,180,-136,-769,null,"28,500-34,199",845,529,212,-104,-420,-736,-1369,null,"28,500-34,199",845,529,212,-104,-420,-736,-1369]
["34,200-39,899",5952,5077,4202,3326,2451,1576,-175,null,"34,200-39,899",4270,3394,2519,1644,768,-107,-1858,null,"34,200-39,899",3932,3057,2182,1306,431,-444,-2195,null,null,null,null,null,null,null,null,null,"34,200-39,899",5742,5426,5110,4793,4477,4161,3528,null,"34,200-39,899",1416,1099,783,467,150,-166,-799,null,"34,200-39,899",1924,1608,1292,975,659,343,-290,null,"34,200-39,899",1204,888,571,255,-61,-378,-1010,null,"34,200-39,899",1204,888,571,255,-61,-378,-1010]
["39,900-45,599",7382,6507,5631,4756,3881,3005,1255,null,"39,900-45,599",5419,4544,3668,2793,1918,1042,-708,null,"39,900-45,599",5026,4150,3275,2399,1524,649,-1102,null,null,null,null,null,null,null,null,null,"39,900-45,599",6857,6541,6225,5908,5592,5276,4643,null,"39,900-45,599",1810,1493,1177,861,544,228,-404,null,"39,900-45,599",2403,2087,1771,1454,1138,822,189,null,"39,900-45,599",1563,1246,930,614,297,-19,-652,null,"39,900-45,599",1563,1246,930,614,297,-19,-652]
["45,600-56,999",8812,7937,7061,6186,5311,4435,2684,null,"45,600-56,999",6568,5693,4818,3942,3067,2192,441,null,"45,600-56,999",6119,5243,4368,3493,2617,1742,-9,null,null,null,null,null,null,null,null,null,"45,600-56,999",7973,7656,7340,7024,6707,6391,5758,null,"45,600-56,999",2204,1887,1571,1255,939,622,-10,null,"45,600-56,999",2882,2566,2249,1933,1617,1301,668,null,"45,600-56,999",1921,1605,1289,973,656,340,-293,null,"45,600-56,999",1921,1605,1289,973,656,340,-293]
["57,000-64,499",11671,10796,9921,9045,8170,7295,5544,null,"57,000-64,499",8867,7992,7116,6241,5366,4490,2740,null,"57,000-64,499",8305,7429,6554,5679,4803,3928,2177,null,null,null,null,null,null,null,null,null,"57,000-64,499",10203,9887,9570,9254,8938,8621,7989,null,"57,000-64,499",2992,2676,2359,2043,1727,1410,778,null,"57,000-64,499",3840,3524,3207,2891,2575,2258,1626,null,"57,000-64,499",2639,2323,2006,1690,1374,1058,425,null,"57,000-64,499",2639,2323,2006,1690,1374,1058,425]
["17.0-17.9 SEER",null,null,null,null,null,null,null,null,"17.0-17.9 SEER",null,null,null,null,null,null,null,null,"17.0-17.9 SEER",null,null,null,null,null,null,null,null,null,null,null,null,null,null,null,null,"9.3-9.4 HSPF",null,null,null,null,null,null,null,null,"9.3-9.4 HSPF",null,null,null,null,null,null,null,null,"9.3-9.4 HSPF",null,null,null,null,null,null,null,null,"9.3-9.4 HSPF",null,null,null,null,null,null,null,null,"9.3-9.4 HSPF"]
["Size (tons) post","<22,800","22,800-28,499","28,500-34,199","34,200-39,899","39,900-45,599","45,600-56,999","57,000-64,499",null,"Size (tons) post","<22,800","22,800-28,499","28,500-34,199","34,200-39,899","39,900-45,599","45,600-56,999","57,000-64,499",null,"Size (tons) post","<22,800","22,800-28,499","28,500-34,199","34,200-39,899","39,900-45,599","45,600-56,999","57,000-64,499",null,null,null,null,null,null,null,null,null,"Size (tons) post","<22,800","22,800-28,499","28,500-34,199","34,200-39,899","39,900-45,599","45,600-56,999","57,000-64,499",null,"Size (tons) post","<22,800","22,800-28,499","28,500-34,199","34,200-39,899","39,900-45,599","45,600-56,999","57,000-64,499",null,"Size (tons) post","<22,800","22,800-28,499","28,500-34,199","34,200-39,899","39,900-45,599","45,600-56,999","57,000-64,499",null,"Size (Btuh) Post","<22,800","22,800-28,499","28,500-34,199","34,200-39,899","39,900-45,599","45,600-56,999","57,000-64,499",null,"Size (Btuh) Post","<22,800","22,800-28,499","28,500-34,199","34,200-39,899","39,900-45,599","45,600-56,999","57,000-64,499"]
["Size (tons) pre",null,null,null,null,null,null,null,null,"Size (tons) pre",null,null,null,null,null,null,null,null,"Size (tons) pre",null,null,null,null,null,null,null,null,null,null,null,null,null,null,null,null,"Size (tons) pre",null,null,null,null,null,null,null,null,"Size (tons) pre",null,null,null,null,null,null,null,null,"Size (tons) pre",null,null,null,null,null,null,null,null,"Size (Btuh) Pre",null,null,null,null,null,null,null,null,"Size (Btuh) Pre"]
["<22,800",1982,1213,443,-326,-1095,-1864,-3403,null,"<22,800",1140,371,-398,-1167,-1936,-2706,-4244,null,"<22,800",972,202,-567,-1336,-2105,-2874,-4413,null,null,null,null,null,null,null,null,null,"<22,800",2444,2144,1843,1543,1242,942,341,null,"<22,800",281,-20,-320,-621,-921,-1222,-1823,null,"<22,800",535,235,-66,-366,-667,-967,-1568,null,"<22,800",175,-126,-426,-727,-1027,-1328,-1929,null,"<22,800",175,-126,-426,-727,-1027,-1328,-1929]
["22,800-28,499",3411,2642,1873,1104,335,-434,-1973,null,"22,800-28,499",2290,1521,751,-18,-787,-1556,-3095,null,"22,800-28,499",2065,1296,526,-243,-1012,-1781,-3320,null,null,null,null,null,null,null,null,null,"22,800-28,499",3559,3259,2958,2658,2357,2057,1456,null,"22,800-28,499",675,374,74,-227,-527,-828,-1429,null,"22,800-28,499",1014,714,413,113,-188,-488,-1089,null,"22,800-28,499",534,233,-67,-368,-668,-969,-1570,null,"22,800-28,499",534,233,-67,-368,-668,-969,-1570]
["28,500-34,199",4841,4072,3303,2534,1764,995,-543,null,"28,500-34,199",3439,2670,1901,1131,362,-407,-1945,null,"28,500-34,199",3158,2389,1619,850,81,-688,-2226,null,null,null,null,null,null,null,null,null,"28,500-34,199",4674,4374,4073,3773,3472,3172,2571,null,"28,500-34,199",1069,768,468,167,-133,-434,-1034,null,"28,500-34,199",1493,1192,892,591,291,-10,-611,null,"28,500-34,199",893,592,292,-9,-309,-610,-1211,null,"28,500-34,199",893,592,292,-9,-309,-610,-1211]
["34,200-39,899",6271,5502,4733,3963,3194,2425,887,null,"34,200-39,899",4588,3819,3050,2281,1512,742,-796,null,"34,200-39,899",4251,3482,2713,1943,1174,405,-1133,null,null,null,null,null,null,null,null,null,"34,200-39,899",5790,5489,5189,4888,4588,4287,3686,null,"34,200-39,899",1463,1163,862,562,261,-39,-640,null,"34,200-39,899",1972,1671,1371,1070,770,469,-132,null,"34,200-39,899",1251,951,650,350,49,-251,-852,null,"34,200-39,899",1251,951,650,350,49,-251,-852]
["39,900-45,599",7701,6932,6162,5393,4624,3855,2316,null,"39,900-45,599",5738,4968,4199,3430,2661,1892,353,null,"39,900-45,599",5344,4575,3806,3036,2267,1498,-40,null,null,null,null,null,null,null,null,null,"39,900-45,599",6905,6604,6304,6003,5703,5402,4801,null,"39,900-45,599",1857,1557,1256,956,655,355,-246,null,"39,900-45,599",2451,2150,1850,1549,1249,948,347,null,"39,900-45,599",1610,1310,1009,709,408,108,-493,null,"39,900-45,599",1610,1310,1009,709,408,108,-493]
["45,600-56,999",9130,8361,7592,6823,6054,5285,3746,null,"45,600-56,999",6887,6118,5349,4579,3810,3041,1503,null,"45,600-56,999",6437,5668,4899,4130,3360,2591,1053,null,null,null,null,null,null,null,null,null,"45,600-56,999",8020,7720,7419,7119,6818,6518,5917,null,"45,600-56,999",2251,1951,1650,1350,1049,749,148,null,"45,600-56,999",2930,2629,2329,2028,1728,1427,826,null,"45,600-56,999",1969,1668,1368,1067,767,466,-135,null,"45,600-56,999",1969,1668,1368,1067,767,466,-135]
["57,000-64,499",11990,11221,10452,9682,8913,8144,6606,null,"57,000-64,499",9186,8416,7647,6878,6109,5340,3801,null,"57,000-64,499",8623,7854,7085,6316,5547,4777,3239,null,null,null,null,null,null,null,null,null,"57,000-64,499",10250,9950,9649,9349,9048,8748,8147,null,"57,000-64,499",3039,2739,2438,2138,1837,1537,936,null,"57,000-64,499",3887,3587,3286,2986,2685,2385,1784,null,"57,000-64,499",2687,2386,2086,1785,1485,1184,583,null,"57,000-64,499",2687,2386,2086,1785,1485,1184,583]
["18.0-20.9 SEER",null,null,null,null,null,null,null,null,"18.0-20.9 SEER",null,null,null,null,null,null,null,null,"18.0-20.9 SEER",null,null,null,null,null,null,null,null,null,null,null,null,null,null,null,null,"9.5-9.6 HSPF",null,null,null,null,null,null,null,null,"9.5-9.6 HSPF",null,null,null,null,null,null,null,null,"9.5-9.6 HSPF",null,null,null,null,null,null,null,null,"9.5-9.6 HSPF",null,null,null,null,null,null,null,null,"9.5-9.6 HSPF"]
["Size (tons) post","<22,800","22,800-28,499","28,500-34,199","34,200-39,899","39,900-45,599","45,600-56,999","57,000-64,499",null,"Size (tons) post","<22,800","22,800-28,499","28,500-34,199","34,200-39,899","39,900-45,599","45,600-56,999","57,000-64,499",null,"Size (tons) post","<22,800","22,800-28,499","28,500-34,199","34,200-39,899","39,900-45,599","45,600-56,999","57,000-64,499",null,null,null,null,null,null,null,null,null,"Size (tons) post","<22,800","22,800-28,499","28,500-34,199","34,200-39,899","39,900-45,599","45,600-56,999","57,000-64,499",null,"Size (tons) post","<22,800","22,800-28,499","28,500-34,199","34,200-39,899","39,900-45,599","45,600-56,999","57,000-64,499",null,"Size (tons) post","<22,800","22,800-28,499","28,500-34,199","34,200-39,899","39,900-45,599","45,600-56,999","57,000-64,499",null,"Size (Btuh) Post","<22,800","22,800-28,499","28,500-34,199","34,200-39,899","39,900-45,599","45,600-56,999","57,000-64,499",null,"Size (Btuh) Post","<22,800","22,800-28,499","28,500-34,199","34,200-39,899","39,900-45,599","45,600-56,999","57,000-64,499"]
["Size (tons) pre",null,null,null,null,null,null,null,null,"Size (tons) pre",null,null,null,null,null,null,null,null,"Size (tons) pre",null,null,null,null,null,null,null,null,null,null,null,null,null,null,null,null,"Size (tons) pre",null,null,null,null,null,null,null,null,"Size (tons) pre",null,null,null,null,null,null,null,null,"Size (tons) pre",null,null,null,null,null,null,null,null,"Size (Btuh) Pre",null,null,null,null,null,null,null,null,"Size (Btuh) Pre"]
["<22,800",2104,1376,648,-81,-809,-1537,-2994,null,"<22,800",1263,535,-194,-922,-1650,-2379,-3835,null,"<22,800",1094,366,-362,-1091,-1819,-2547,-4004,null,null,null,null,null,null,null,null,null,"<22,800",2466,2173,1880,1587,1293,1000,414,null,"<22,800",303,10,-284,-577,-870,-1163,-1749,null,"<22,800",557,264,-29,-322,-616,-909,-1495,null,"<22,800",197,-96,-389,-683,-976,-1269,-1855,null,"<22,800",197,-96,-389,-683,-976,-1269,-1855]
["22,800-28,499",3534,2806,2077,1349,621,-108,-1564,null,"22,800-28,499",2412,1684,956,227,-501,-1229,-2686,null,"22,800-28,499",2187,1459,731,2,-726,-1454,-2911,null,null,null,null,null,null,null,null,null,"22,800-28,499",3581,3288,2995,2702,2409,2115,1529,null,"22,800-28,499",697,404,111,-183,-476,-769,-1355,null,"22,800-28,499",1036,743,450,157,-137,-430,-1016,null,"22,800-28,499",556,263,-31,-324,-617,-910,-1496,null,"22,800-28,499",556,263,-31,-324,-617,-910,-1496]
["28,500-34,199",4964,4235,3507,2779,2050,1322,-135,null,"28,500-34,199",3562,2833,2105,1377,648,-80,-1537,null,"28,500-34,199",3280,2552,1824,1095,367,-361,-1818,null,null,null,null,null,null,null,null,null,"28,500-34,199",4696,4403,4110,3817,3524,3231,2644,null,"28,500-34,199",1091,798,505,211,-82,-375,-961,null,"28,500-34,199",1515,1222,929,635,342,49,-537,null,"28,500-34,199",915,621,328,35,-258,-551,-1138,null,"28,500-34,199",915,621,328,35,-258,-551,-1138]
["34,200-39,899",6393,5665,4937,4208,3480,2752,1295,null,"34,200-39,899",4711,3983,3254,2526,1798,1069,-388,null,"34,200-39,899",4373,3645,2917,2188,1460,732,-725,null,null,null,null,null,null,null,null,null,"34,200-39,899",5812,5518,5225,4932,4639,4346,3759,null,"34,200-39,899",1485,1192,899,606,312,19,-567,null,"34,200-39,899",1994,1701,1407,1114,821,528,-58,null,"34,200-39,899",1273,980,687,394,101,-193,-779,null,"34,200-39,899",1273,980,687,394,101,-193,-779]
["39,900-45,599",7823,7095,6367,5638,4910,4182,2725,null,"39,900-45,599",5860,5132,4404,3675,2947,2218,762,null,"39,900-45,599",5467,4738,4010,3282,2553,1825,368,null,null,null,null,null,null,null,null,null,"39,900-45,599",6927,6634,6340,6047,5754,5461,4875,null,"39,900-45,599",1879,1586,1293,1000,706,413,-173,null,"39,900-45,599",2473,2179,1886,1593,1300,1007,420,null,"39,900-45,599",1632,1339,1046,753,459,166,-420,null,"39,900-45,599",1632,1339,1046,753,459,166,-420]
["45,600-56,999",9253,8525,7796,7068,6340,5611,4155,null,"45,600-56,999",7010,6281,5553,4824,4096,3368,1911,null,"45,600-56,999",6560,5831,5103,4375,3646,2918,1461,null,null,null,null,null,null,null,null,null,"45,600-56,999",8042,7749,7456,7163,6869,6576,5990,null,"45,600-56,999",2273,1980,1687,1394,1101,807,221,null,"45,600-56,999",2952,2658,2365,2072,1779,1486,899,null,"45,600-56,999",1991,1698,1405,1111,818,525,-61,null,"45,600-56,999",1991,1698,1405,1111,818,525,-61]
["57,000-64,499",12112,11384,10656,9927,9199,8471,7014,null,"57,000-64,499",9308,8580,7851,7123,6395,5666,4210,null,"57,000-64,499",8746,8017,7289,6561,5832,5104,3647,null,null,null,null,null,null,null,null,null,"57,000-64,499",10272,9979,9686,9393,9100,8807,8220,null,"57,000-64,499",3061,2768,2475,2182,1889,1596,1009,null,"57,000-64,499",3909,3616,3323,3030,2737,2443,1857,null,"57,000-64,499",2709,2415,2122,1829,1536,1243,656,null,"57,000-64,499",2709,2415,2122,1829,1536,1243,656]
["21.0+ SEER",null,null,null,null,null,null,null,null,"21.0+ SEER",null,null,null,null,null,null,null,null,"21.0+ SEER",null,null,null,null,null,null,null,null,null,null,null,null,null,null,null,null,"9.7+ HSPF",null,null,null,null,null,null,null,null,"9.7+ HSPF",null,null,null,null,null,null,null,null,"9.7+ HSPF",null,null,null,null,null,null,null,null,"9.7+ HSPF",null,null,null,null,null,null,null,null,"9.7+ HSPF"]
["Size (tons) post","<22,800","22,800-28,499","28,500-34,199","34,200-39,899","39,900-45,599","45,600-56,999","57,000-64,499",null,"Size (tons) post","<22,800","22,800-28,499","28,500-34,199","34,200-39,899","39,900-45,599","45,600-56,999","57,000-64,499",null,"Size (tons) post","<22,800","22,800-28,499","28,500-34,199","34,200-39,899","39,900-45,599","45,600-56,999","57,000-64,499",null,null,null,null,null,null,null,null,null,"Size (tons) post","<22,800","22,800-28,499","28,500-34,199","34,200-39,899","39,900-45,599","45,600-56,999","57,000-64,499",null,"Size (tons) post","<22,800","22,800-28,499","28,500-34,199","34,200-39,899","39,900-45,599","45,600-56,999","57,000-64,499",null,"Size (tons) post","<22,800","22,800-28,499","28,500-34,199","34,200-39,899","39,900-45,599","45,600-56,999","57,000-64,499",null,"Size (Btuh) Post","<22,800","22,800-28,499","28,500-34,199","34,200-39,899","39,900-45,599","45,600-56,999","57,000-64,499",null,"Size (Btuh) Post","<22,800","22,800-28,499","28,500-34,199","34,200-39,899","39,900-45,599","45,600-56,999","57,000-64,499"]
["Size (tons) pre",null,null,null,null,null,null,null,null,"Size (tons) pre",null,null,null,null,null,null,null,null,"Size (tons) pre",null,null,null,null,null,null,null,null,null,null,null,null,null,null,null,null,"Size (tons) pre",null,null,null,null,null,null,null,null,"Size (tons) pre",null,null,null,null,null,null,null,null,"Size (tons) pre",null,null,null,null,null,null,null,null,"Size (Btuh) Pre",null,null,null,null,null,null,null,null,"Size (Btuh) Pre"]
["<22,800",2400,1771,1141,511,-118,-748,-2007,null,"<22,800",1559,929,300,-330,-960,-1589,-2849,null,"<22,800",1390,761,131,-499,-1128,-1758,-3017,null,null,null,null,null,null,null,null,null,"<22,800",2487,2201,1915,1628,1342,1056,484,null,"<22,800",324,38,-249,-535,-821,-1107,-1680,null,"<22,800",578,292,6,-280,-567,-853,-1425,null,"<22,800",218,-68,-355,-641,-927,-1213,-1785,null,"<22,800",218,-68,-355,-641,-927,-1213,-1785]
["22,800-28,499",3830,3200,2571,1941,1311,682,-577,null,"22,800-28,499",2708,2079,1449,819,190,-440,-1699,null,"22,800-28,499",2483,1854,1224,594,-35,-665,-1924,null,null,null,null,null,null,null,null,null,"22,800-28,499",3602,3316,3030,2744,2457,2171,1599,null,"22,800-28,499",718,432,145,-141,-427,-713,-1285,null,"22,800-28,499",1057,771,485,198,-88,-374,-946,null,"22,800-28,499",577,290,4,-282,-568,-854,-1427,null,"22,800-28,499",577,290,4,-282,-568,-854,-1427]
["28,500-34,199",5260,4630,4001,3371,2741,2112,852,null,"28,500-34,199",3858,3228,2598,1969,1339,709,-550,null,"28,500-34,199",3576,2947,2317,1688,1058,428,-831,null,null,null,null,null,null,null,null,null,"28,500-34,199",4717,4431,4145,3859,3573,3286,2714,null,"28,500-34,199",1112,826,540,253,-33,-319,-891,null,"28,500-34,199",1536,1250,963,677,391,105,-467,null,"28,500-34,199",935,649,363,77,-209,-495,-1068,null,"28,500-34,199",935,649,363,77,-209,-495,-1068]
["34,200-39,899",6690,6060,5430,4801,4171,3541,2282,null,"34,200-39,899",5007,4377,3748,3118,2488,1859,599,null,"34,200-39,899",4670,4040,3410,2781,2151,1521,262,null,null,null,null,null,null,null,null,null,"34,200-39,899",5833,5546,5260,4974,4688,4402,3829,null,"34,200-39,899",1506,1220,934,647,361,75,-497,null,"34,200-39,899",2015,1729,1442,1156,870,584,11,null,"34,200-39,899",1294,1008,722,436,150,-137,-709,null,"34,200-39,899",1294,1008,722,436,150,-137,-709]
["39,900-45,599",8119,7490,6860,6230,5601,4971,3712,null,"39,900-45,599",6156,5527,4897,4267,3638,3008,1749,null,"39,900-45,599",5763,5133,4503,3874,3244,2614,1355,null,null,null,null,null,null,null,null,null,"39,900-45,599",6948,6662,6375,6089,5803,5517,4944,null,"39,900-45,599",1900,1614,1328,1042,755,469,-103,null,"39,900-45,599",2494,2207,1921,1635,1349,1063,490,null,"39,900-45,599",1653,1367,1081,794,508,222,-350,null,"39,900-45,599",1653,1367,1081,794,508,222,-350]
["45,600-56,999",9549,8919,8290,7660,7030,6401,5142,null,"45,600-56,999",7306,6676,6046,5417,4787,4157,2898,null,"45,600-56,999",6856,6226,5596,4967,4337,3707,2448,null,null,null,null,null,null,null,null,null,"45,600-56,999",8063,7777,7491,7204,6918,6632,6060,null,"45,600-56,999",2294,2008,1722,1436,1149,863,291,null,"45,600-56,999",2972,2686,2400,2114,1828,1542,969,null,"45,600-56,999",2012,1726,1439,1153,867,581,9,null,"45,600-56,999",2012,1726,1439,1153,867,581,9]
["57,000-64,499",12409,11779,11149,10520,9890,9260,8001,null,"57,000-64,499",9604,8975,8345,7715,7086,6456,5197,null,"57,000-64,499",9042,8412,7783,7153,6523,5894,4634,null,null,null,null,null,null,null,null,null,"57,000-64,499",10293,10007,9721,9435,9149,8862,8290,null,"57,000-64,499",3082,2796,2510,2224,1938,1651,1079,null,"57,000-64,499",3930,3644,3358,3072,2785,2499,1927,null,"57,000-64,499",2729,2443,2157,1871,1585,1299,726,null,"57,000-64,499",2729,2443,2157,1871,1585,1299,726]

{"sheet":"Constants","index":5,"n_rows":29,"n_cols":17,"rows_kept":29,"cut":false,"hidden":true,"merged":[]}
[null,null,null,null,null,null,null,null,"HP to HP EUL",null,"Electric Furnace to HP",null,null,null,null,"Avoided Cost $/kWh",5.0840000000000003E-2]
[null,null,null,null,null,null,null,null,"Age of","Remaining","Age of","Remaining",null,null,null,"Avoided Cost $/kW",80]
[null,null,null,null,null,null,null,null,"Replaced Unit","Useful Life","Replaced Unit","Useful Life",null,null,null,"Discount",8.2100000000000006E-2]
["Size List","SEER List","HSPF","Age",{"$f":"Q4","v":0.02},"Inflation","BTUH List",null,"(years)","(years)","(years)","(years)",null,null,null,"Inflation",0.02]
[1.5,"14.5-14.9",8.5,1,{"$f":"Q3","v":8.2100000000000006E-2},"Discount",null,null,1,13.7,1,16.8,null,null,null,"EUL",15]
[2,"15.0-15.9","8.6-8.9",2,{"$f":"Q2","v":80},"Avoided Cost $/kW",null,null,2,12.7,2,15.8,null,null,null,"UCT",2.25]
[2.5,"16.0-16.9","9.0-9.2",3,{"$f":"Q1","v":5.0840000000000003E-2},"Avoided Cost $/kWh",null,null,3,12,3,14.9,null,null,null,"Admin Costs",0.2]
[3,"17.0-17.9","9.3-9.4",4,{"$f":"Q5","v":15},"EUL",null,null,4,11.3,4,14.1]
[3.5,"18.0-20.9","9.5-9.6",5,{"$f":"Q6","v":2.25},"UCT",null,null,5,10.7,5,13.3]
[4,"21.0+","9.7+",6,{"$f":"Q7","v":0.2},"Admin Costs",null,null,6,10.199999999999999,6,12.6]
[5,null,null,7,null,null,null,null,7,9.6999999999999993,7,11.9]
[null,null,null,8,null,null,null,null,8,9.3000000000000007,8,11.3]
[null,null,null,9,null,null,null,null,9,8.9,9,10.8]
[null,null,null,10,null,null,null,null,10,8.5,10,10.3]
[null,null,null,11,null,null,null,null,11,8.1999999999999993,11,9.8000000000000007]
[null,null,null,12,null,null,null,null,12,7.9,12,9.4]
[null,null,null,13,null,null,null,null,13,7.6,13,9]
[null,null,null,14,null,null,null,null,14,7,14,8.6]
[null,null,null,15,null,null,null,null,15,6,15,8.1999999999999993]
[null,null,null,16,null,null,null,null,16,5,16,7.9]
[null,null,null,17,null,null,null,null,17,4,17,7.6]
[null,null,null,18,null,null,null,null,18,3,18,7]
[null,null,null,19,null,null,null,null,19,2,19,6]
[null,null,null,20,null,null,null,null,20,1,20,5]
[null,null,null,21,null,null,null,null,21,0,21,4]
[null,null,null,22,null,null,null,null,22,0,22,3]
[null,null,null,23,null,null,null,null,23,0,23,2]
[null,null,null,24,null,null,null,null,24,0,24,1]
[null,null,null,25,null,null,null,null,25,0,25,0]